{"version":"1.0","provider_name":"Cantari\u00f1a Vinos de Familia","provider_url":"https:\/\/vinoscantarina.es","author_name":"admin","author_url":"https:\/\/vinoscantarina.es\/index.php\/author\/admin\/","title":"Cantari\u00f1a 6 Merenzao - Cantari\u00f1a Vinos de Familia","type":"rich","width":600,"height":338,"html":"<blockquote class=\"wp-embedded-content\" data-secret=\"t23Rfw8jBl\"><a href=\"https:\/\/vinoscantarina.es\/index.php\/cantarina-6-merenzao\/\">Cantari\u00f1a 6 Merenzao<\/a><\/blockquote><iframe sandbox=\"allow-scripts\" security=\"restricted\" src=\"https:\/\/vinoscantarina.es\/index.php\/cantarina-6-merenzao\/embed\/#?secret=t23Rfw8jBl\" width=\"600\" height=\"338\" title=\"\u00abCantari\u00f1a 6 Merenzao\u00bb \u2014 Cantari\u00f1a Vinos de Familia\" data-secret=\"t23Rfw8jBl\" frameborder=\"0\" marginwidth=\"0\" marginheight=\"0\" scrolling=\"no\" class=\"wp-embedded-content\"><\/iframe><script>\n\/*! This file is auto-generated *\/\n!function(d,l){\"use strict\";l.querySelector&&d.addEventListener&&\"undefined\"!=typeof URL&&(d.wp=d.wp||{},d.wp.receiveEmbedMessage||(d.wp.receiveEmbedMessage=function(e){var t=e.data;if((t||t.secret||t.message||t.value)&&!\/[^a-zA-Z0-9]\/.test(t.secret)){for(var s,r,n,a=l.querySelectorAll('iframe[data-secret=\"'+t.secret+'\"]'),o=l.querySelectorAll('blockquote[data-secret=\"'+t.secret+'\"]'),c=new RegExp(\"^https?:$\",\"i\"),i=0;i<o.length;i++)o[i].style.display=\"none\";for(i=0;i<a.length;i++)s=a[i],e.source===s.contentWindow&&(s.removeAttribute(\"style\"),\"height\"===t.message?(1e3<(r=parseInt(t.value,10))?r=1e3:~~r<200&&(r=200),s.height=r):\"link\"===t.message&&(r=new URL(s.getAttribute(\"src\")),n=new URL(t.value),c.test(n.protocol))&&n.host===r.host&&l.activeElement===s&&(d.top.location.href=t.value))}},d.addEventListener(\"message\",d.wp.receiveEmbedMessage,!1),l.addEventListener(\"DOMContentLoaded\",function(){for(var e,t,s=l.querySelectorAll(\"iframe.wp-embedded-content\"),r=0;r<s.length;r++)(t=(e=s[r]).getAttribute(\"data-secret\"))||(t=Math.random().toString(36).substring(2,12),e.src+=\"#?secret=\"+t,e.setAttribute(\"data-secret\",t)),e.contentWindow.postMessage({message:\"ready\",secret:t},\"*\")},!1)))}(window,document);\n\/\/# sourceURL=https:\/\/vinoscantarina.es\/wp-includes\/js\/wp-embed.min.js\n<\/script>\n","description":"En una cena de verano del a\u00f1o 2015 unos hermanos junto a dos buenos amigos hac\u00edan una cata de variedades aut\u00f3ctonas del Bierzo y Galicia buscando inspiraci\u00f3n para plantar \u00abLa cuadra de la Se\u00f1ora\u00bb, una hect\u00e1rea donde en tiempos cultivamos malvas\u00eda\u2026 Meses m\u00e1s tarde en una parte de esa vi\u00f1a plant\u00e1bamos 800 cepas de Merenzao, &hellip; Continuar leyendo \"\"","thumbnail_url":"https:\/\/vinoscantarina.es\/wp-content\/uploads\/2022\/02\/C6_2020.png","thumbnail_width":137,"thumbnail_height":500}

Cantariña Vinos de Familia

Cantariña 6 Merenzao - Cantariña Vinos de Familia

<blockquote class="wp-embedded-content" data-secret="t23Rfw8jBl"><a href="https://vinoscantarina.es/index.php/cantarina-6-merenzao/">Cantariña 6 Merenzao</a></blockquote><iframe sandbox="allow-scripts" security="restricted" src="https://vinoscantarina.es/index.php/cantarina-6-merenzao/embed/#?secret=t23Rfw8jBl" width="600" height="338" title="«Cantariña 6 Merenzao» — Cantariña Vinos de Familia" data-secret="t23Rfw8jBl" frameborder="0" marginwidth="0" marginheight="0" scrolling="no" class="wp-embedded-content"></iframe><script>
/*! This file is auto-generated */
!function(d,l){"use strict";l.querySelector&&d.addEventListener&&"undefined"!=typeof URL&&(d.wp=d.wp||{},d.wp.receiveEmbedMessage||(d.wp.receiveEmbedMessage=function(e){var t=e.data;if((t||t.secret||t.message||t.value)&&!/[^a-zA-Z0-9]/.test(t.secret)){for(var s,r,n,a=l.querySelectorAll('iframe[data-secret="'+t.secret+'"]'),o=l.querySelectorAll('blockquote[data-secret="'+t.secret+'"]'),c=new RegExp("^https?:$","i"),i=0;i<o.length;i++)o[i].style.display="none";for(i=0;i<a.length;i++)s=a[i],e.source===s.contentWindow&&(s.removeAttribute("style"),"height"===t.message?(1e3<(r=parseInt(t.value,10))?r=1e3:~~r<200&&(r=200),s.height=r):"link"===t.message&&(r=new URL(s.getAttribute("src")),n=new URL(t.value),c.test(n.protocol))&&n.host===r.host&&l.activeElement===s&&(d.top.location.href=t.value))}},d.addEventListener("message",d.wp.receiveEmbedMessage,!1),l.addEventListener("DOMContentLoaded",function(){for(var e,t,s=l.querySelectorAll("iframe.wp-embedded-content"),r=0;r<s.length;r++)(t=(e=s[r]).getAttribute("data-secret"))||(t=Math.random().toString(36).substring(2,12),e.src+="#?secret="+t,e.setAttribute("data-secret",t)),e.contentWindow.postMessage({message:"ready",secret:t},"*")},!1)))}(window,document);
//# sourceURL=https://vinoscantarina.es/wp-includes/js/wp-embed.min.js
</script>

En una cena de verano del año 2015 unos hermanos junto a dos buenos amigos hacían una cata de variedades autóctonas del Bierzo y Galicia buscando inspiración para plantar «La cuadra de la Señora», una hectárea donde en tiempos cultivamos malvasía… Meses más tarde en una parte de esa viña plantábamos 800 cepas de Merenzao, &hellip; Continuar leyendo ""
