{"id":151,"date":"2021-05-11T18:26:54","date_gmt":"2021-05-11T18:26:54","guid":{"rendered":"https:\/\/vinoscantarina.es\/?page_id=151"},"modified":"2024-12-23T10:11:32","modified_gmt":"2024-12-23T10:11:32","slug":"cantarina-1-la-tintorera","status":"publish","type":"page","link":"https:\/\/vinoscantarina.es\/index.php\/cantarina-1-la-tintorera\/","title":{"rendered":"Cantari\u00f1a 1 La Tintorera"},"content":{"rendered":"\n<div class=\"wp-block-columns is-layout-flex wp-container-core-columns-is-layout-9d6595d7 wp-block-columns-is-layout-flex\">\n<div class=\"wp-block-column is-layout-flow wp-block-column-is-layout-flow\" style=\"flex-basis:33.33%\">\n<figure class=\"wp-block-image size-full\"><img loading=\"lazy\" decoding=\"async\" width=\"135\" height=\"500\" src=\"https:\/\/vinoscantarina.es\/wp-content\/uploads\/2022\/02\/C1_2016.png\" alt=\"\" class=\"wp-image-385\" srcset=\"https:\/\/vinoscantarina.es\/wp-content\/uploads\/2022\/02\/C1_2016.png 135w, https:\/\/vinoscantarina.es\/wp-content\/uploads\/2022\/02\/C1_2016-81x300.png 81w\" sizes=\"auto, (max-width: 135px) 100vw, 135px\" \/><figcaption class=\"wp-element-caption\">La Tintorera 2018<\/figcaption><\/figure>\n<\/div>\n\n\n\n<div class=\"wp-block-column is-layout-flow wp-block-column-is-layout-flow\" style=\"flex-basis:66.66%\">\n<p class=\"has-drop-cap has-normal-font-size\"><small>\u00abLa Tintorera\u00bb es una peque\u00f1a parcela algo mayor de 1\/3 de Ha dentro de la Vi\u00f1a de los Pinos que nuestro abuelo plant\u00f3 principalmente con Alicante Bouschet para <em>dar color a la menc\u00eda<\/em>&#8230; Con la edad, esta variedad m\u00e1s propia del mediterr\u00e1neo se ha adaptado perfectamente al Bierzo, donde muestra su cara m\u00e1s perfumada y fresca. <\/small><\/p>\n\n\n\n<p class=\"has-drop-cap has-normal-font-size\"><small>Lindando con el Camino de la Virgen, sus cepas ti\u00f1en de granate el paisaje a finales de vendimia. Son tozudas y vigorosas, lentas para madurar y exigen un importante esfuerzo en su poda en verde para lograr un equilibrio entre la fragancia de esta variedad y una buena madurez. Nosotros guardamos un cari\u00f1o especial a esta parcela y el vino que elaboramos de sus uvas, pues supuso el comienzo de esta preciosa aventura. Es por ello que tiene reservado el n\u00famero 1 de entre nuestros vinos.<\/small><\/p>\n<\/div>\n<\/div>\n\n\n<!-- Ecwid shopping cart plugin v 6.12.12 --><!--noptimize--><script type=\"text\/javascript\">if (typeof jQuery !== undefined && jQuery.mobile) { jQuery.mobile.hashListeningEnabled = false; jQuery.mobile.pushStateEnabled=false; }<\/script><!--\/noptimize--><div class=\"ecwid ecwid-SingleProduct-v2 ecwid-Product ecwid-Product-190048435 ecwid-SingleProduct-v2-centered\" itemscope itemtype=\"http:\/\/schema.org\/Product\" data-single-product-id=\"190048435\" id=\"ecwid-shopping-cart-ecwid_product-1\"><div itemtype=\"http:\/\/schema.org\/Offer\" itemscope itemprop=\"offers\"><div class=\"ecwid-productBrowser-price ecwid-price\" itemprop=\"price\"  data-spw-price-location=\"button\" content=\"12.396694\"><div itemprop=\"priceCurrency\"><\/div><\/div><\/div><div customprop=\"addtobag\"><\/div><\/div> \t\t\t<!--noptimize-->\n\t\t\t<script data-cfasync=\"false\" data-no-optimize=\"1\" type=\"text\/javascript\">\n\t\t\twindow._xnext_initialization_scripts = window._xnext_initialization_scripts || [];\n\t\t\twindow._xnext_initialization_scripts.push({widgetType: 'Product', id: 'ecwid-shopping-cart-ecwid_product-1', arg: [\"display= price addtobag\",\"link=yes\",\"version=2\",\"show_border=\",\"show_price_on_button=1\",\"center_align=1\"]});\n\t\t\t<\/script>\n\t\t\t<!--\/noptimize-->\n\t\t\t<!-- END Ecwid Shopping Cart v 6.12.12 -->\n\n\n<div class=\"wp-block-cover is-light\"><span aria-hidden=\"true\" class=\"wp-block-cover__background has-background-dim-20 has-background-dim\"><\/span><img loading=\"lazy\" decoding=\"async\" width=\"2016\" height=\"1512\" class=\"wp-block-cover__image-background wp-image-240\" alt=\"\" src=\"https:\/\/vinoscantarina.es\/wp-content\/uploads\/2021\/05\/IMG_5335-1.jpg\" data-object-fit=\"cover\" srcset=\"https:\/\/vinoscantarina.es\/wp-content\/uploads\/2021\/05\/IMG_5335-1.jpg 2016w, https:\/\/vinoscantarina.es\/wp-content\/uploads\/2021\/05\/IMG_5335-1-300x225.jpg 300w, https:\/\/vinoscantarina.es\/wp-content\/uploads\/2021\/05\/IMG_5335-1-1024x768.jpg 1024w, https:\/\/vinoscantarina.es\/wp-content\/uploads\/2021\/05\/IMG_5335-1-768x576.jpg 768w, https:\/\/vinoscantarina.es\/wp-content\/uploads\/2021\/05\/IMG_5335-1-1536x1152.jpg 1536w\" sizes=\"auto, (max-width: 767px) 89vw, (max-width: 1000px) 54vw, (max-width: 1071px) 543px, 580px\" \/><div class=\"wp-block-cover__inner-container is-layout-flow wp-block-cover-is-layout-flow\">\n<ul class=\"wp-block-list\">\n<li>Informaci\u00f3n T\u00e9cnica\n<ul class=\"wp-block-list\">\n<li>Parcela: La Garnacha (Vi\u00f1a de los Pinos, paraje de Las Gundi\u00f1as)<\/li>\n\n\n\n<li>Garnacha Tintorera (Alicante Bouschet) con % de otras variedades (Grao negro, merenzao, aram\u00f3n)<\/li>\n\n\n\n<li>Suelo: arcilla<\/li>\n\n\n\n<li>Orientaci\u00f3n: Sur<\/li>\n\n\n\n<li>Altitud: 550 m.<\/li>\n\n\n\n<li>12 meses en barricas de roble franc\u00e9s de 225 litros, 36 meses de guarda en botella<\/li>\n\n\n\n<li>Alc. by Vol: 12.5\u00ba<\/li>\n\n\n\n<li>2000 botellas<\/li>\n<\/ul>\n<\/li>\n<\/ul>\n\n\n\n<p class=\"has-text-align-right has-white-color has-text-color has-normal-font-size\"><strong>Notas de Cata La Tintorera 2018<\/strong><\/p>\n\n\n\n<p class=\"has-text-align-right has-white-color has-text-color\">De atractivo color oscuro, granate intenso, caracter\u00edstico de la Garnacha Tintorera, con aroma a pimienta rosa, bayas negras y monte, toques bals\u00e1micos y especiados, tiene un marcado car\u00e1cter frutal y por su equilibrio entre fruta y frescura es un vino de trago f\u00e1cil pese a su complejidad y delicadeza.<br>Nadie dir\u00eda que esta variedad tan mediterr\u00e1nea como la Alicante Bouschet ser\u00eda tan fresca y agradable\u2026 \u00a1pero en El Bierzo su adaptaci\u00f3n nos permite hacer vinos de guarda con este equilibrio!!<\/p>\n<\/div><\/div>\n","protected":false},"excerpt":{"rendered":"<p>\u00abLa Tintorera\u00bb es una peque\u00f1a parcela algo mayor de 1\/3 de Ha dentro de la Vi\u00f1a de los Pinos que nuestro abuelo plant\u00f3 principalmente con Alicante Bouschet para dar color a la menc\u00eda&#8230; Con la edad, esta variedad m\u00e1s propia del mediterr\u00e1neo se ha adaptado perfectamente al Bierzo, donde muestra su cara m\u00e1s perfumada y &hellip; <\/p>\n<p class=\"link-more\"><a href=\"https:\/\/vinoscantarina.es\/index.php\/cantarina-1-la-tintorera\/\" class=\"more-link\">Continuar leyendo<span class=\"screen-reader-text\"> \u00abCantari\u00f1a 1 La Tintorera\u00bb<\/span><\/a><\/p>\n","protected":false},"author":1,"featured_media":0,"parent":0,"menu_order":0,"comment_status":"closed","ping_status":"closed","template":"","meta":{"footnotes":""},"class_list":["post-151","page","type-page","status-publish","hentry"],"yoast_head":"<!-- This site is optimized with the Yoast SEO plugin v27.5 - https:\/\/yoast.com\/product\/yoast-seo-wordpress\/ -->\n<title>Cantari\u00f1a 1 La Tintorera - Cantari\u00f1a Vinos de Familia<\/title>\n<meta name=\"robots\" content=\"index, follow, max-snippet:-1, max-image-preview:large, max-video-preview:-1\" \/>\n<link rel=\"canonical\" href=\"https:\/\/vinoscantarina.es\/index.php\/cantarina-1-la-tintorera\/\" \/>\n<meta property=\"og:locale\" content=\"es_ES\" \/>\n<meta property=\"og:type\" content=\"article\" \/>\n<meta property=\"og:title\" content=\"Cantari\u00f1a 1 La Tintorera - Cantari\u00f1a Vinos de Familia\" \/>\n<meta property=\"og:description\" content=\"\u00abLa Tintorera\u00bb es una peque\u00f1a parcela algo mayor de 1\/3 de Ha dentro de la Vi\u00f1a de los Pinos que nuestro abuelo plant\u00f3 principalmente con Alicante Bouschet para dar color a la menc\u00eda&#8230; Con la edad, esta variedad m\u00e1s propia del mediterr\u00e1neo se ha adaptado perfectamente al Bierzo, donde muestra su cara m\u00e1s perfumada y &hellip; Continuar leyendo &quot;Cantari\u00f1a 1 La Tintorera&quot;\" \/>\n<meta property=\"og:url\" content=\"https:\/\/vinoscantarina.es\/index.php\/cantarina-1-la-tintorera\/\" \/>\n<meta property=\"og:site_name\" content=\"Cantari\u00f1a Vinos de Familia\" \/>\n<meta property=\"article:modified_time\" content=\"2024-12-23T10:11:32+00:00\" \/>\n<meta property=\"og:image\" content=\"https:\/\/vinoscantarina.es\/wp-content\/uploads\/2022\/02\/C1_2016.png\" \/>\n\t<meta property=\"og:image:width\" content=\"135\" \/>\n\t<meta property=\"og:image:height\" content=\"500\" \/>\n\t<meta property=\"og:image:type\" content=\"image\/png\" \/>\n<meta name=\"twitter:label1\" content=\"Tiempo de lectura\" \/>\n\t<meta name=\"twitter:data1\" content=\"2 minutos\" \/>\n<script type=\"application\/ld+json\" class=\"yoast-schema-graph\">{\"@context\":\"https:\\\/\\\/schema.org\",\"@graph\":[{\"@type\":\"WebPage\",\"@id\":\"https:\\\/\\\/vinoscantarina.es\\\/index.php\\\/cantarina-1-la-tintorera\\\/\",\"url\":\"https:\\\/\\\/vinoscantarina.es\\\/index.php\\\/cantarina-1-la-tintorera\\\/\",\"name\":\"Cantari\u00f1a 1 La Tintorera - Cantari\u00f1a Vinos de Familia\",\"isPartOf\":{\"@id\":\"https:\\\/\\\/vinoscantarina.es\\\/#website\"},\"primaryImageOfPage\":{\"@id\":\"https:\\\/\\\/vinoscantarina.es\\\/index.php\\\/cantarina-1-la-tintorera\\\/#primaryimage\"},\"image\":{\"@id\":\"https:\\\/\\\/vinoscantarina.es\\\/index.php\\\/cantarina-1-la-tintorera\\\/#primaryimage\"},\"thumbnailUrl\":\"https:\\\/\\\/vinoscantarina.es\\\/wp-content\\\/uploads\\\/2022\\\/02\\\/C1_2016.png\",\"datePublished\":\"2021-05-11T18:26:54+00:00\",\"dateModified\":\"2024-12-23T10:11:32+00:00\",\"breadcrumb\":{\"@id\":\"https:\\\/\\\/vinoscantarina.es\\\/index.php\\\/cantarina-1-la-tintorera\\\/#breadcrumb\"},\"inLanguage\":\"es\",\"potentialAction\":[{\"@type\":\"ReadAction\",\"target\":[\"https:\\\/\\\/vinoscantarina.es\\\/index.php\\\/cantarina-1-la-tintorera\\\/\"]}]},{\"@type\":\"ImageObject\",\"inLanguage\":\"es\",\"@id\":\"https:\\\/\\\/vinoscantarina.es\\\/index.php\\\/cantarina-1-la-tintorera\\\/#primaryimage\",\"url\":\"https:\\\/\\\/vinoscantarina.es\\\/wp-content\\\/uploads\\\/2022\\\/02\\\/C1_2016.png\",\"contentUrl\":\"https:\\\/\\\/vinoscantarina.es\\\/wp-content\\\/uploads\\\/2022\\\/02\\\/C1_2016.png\",\"width\":135,\"height\":500,\"caption\":\"La Tintorera 2016\"},{\"@type\":\"BreadcrumbList\",\"@id\":\"https:\\\/\\\/vinoscantarina.es\\\/index.php\\\/cantarina-1-la-tintorera\\\/#breadcrumb\",\"itemListElement\":[{\"@type\":\"ListItem\",\"position\":1,\"name\":\"Portada\",\"item\":\"https:\\\/\\\/vinoscantarina.es\\\/\"},{\"@type\":\"ListItem\",\"position\":2,\"name\":\"Cantari\u00f1a 1 La Tintorera\"}]},{\"@type\":\"WebSite\",\"@id\":\"https:\\\/\\\/vinoscantarina.es\\\/#website\",\"url\":\"https:\\\/\\\/vinoscantarina.es\\\/\",\"name\":\"Cantari\u00f1a Vinos de Familia\",\"description\":\"Vinos del Bierzo, Vinos para Disfrutar\",\"publisher\":{\"@id\":\"https:\\\/\\\/vinoscantarina.es\\\/#organization\"},\"potentialAction\":[{\"@type\":\"SearchAction\",\"target\":{\"@type\":\"EntryPoint\",\"urlTemplate\":\"https:\\\/\\\/vinoscantarina.es\\\/?s={search_term_string}\"},\"query-input\":{\"@type\":\"PropertyValueSpecification\",\"valueRequired\":true,\"valueName\":\"search_term_string\"}}],\"inLanguage\":\"es\"},{\"@type\":\"Organization\",\"@id\":\"https:\\\/\\\/vinoscantarina.es\\\/#organization\",\"name\":\"Cantari\u00f1a Vinos de Familia\",\"url\":\"https:\\\/\\\/vinoscantarina.es\\\/\",\"logo\":{\"@type\":\"ImageObject\",\"inLanguage\":\"es\",\"@id\":\"https:\\\/\\\/vinoscantarina.es\\\/#\\\/schema\\\/logo\\\/image\\\/\",\"url\":\"https:\\\/\\\/vinoscantarina.es\\\/wp-content\\\/uploads\\\/2021\\\/05\\\/cropped-Cantarina.png\",\"contentUrl\":\"https:\\\/\\\/vinoscantarina.es\\\/wp-content\\\/uploads\\\/2021\\\/05\\\/cropped-Cantarina.png\",\"width\":250,\"height\":250,\"caption\":\"Cantari\u00f1a Vinos de Familia\"},\"image\":{\"@id\":\"https:\\\/\\\/vinoscantarina.es\\\/#\\\/schema\\\/logo\\\/image\\\/\"}}]}<\/script>\n<!-- \/ Yoast SEO plugin. -->","yoast_head_json":{"title":"Cantari\u00f1a 1 La Tintorera - Cantari\u00f1a Vinos de Familia","robots":{"index":"index","follow":"follow","max-snippet":"max-snippet:-1","max-image-preview":"max-image-preview:large","max-video-preview":"max-video-preview:-1"},"canonical":"https:\/\/vinoscantarina.es\/index.php\/cantarina-1-la-tintorera\/","og_locale":"es_ES","og_type":"article","og_title":"Cantari\u00f1a 1 La Tintorera - Cantari\u00f1a Vinos de Familia","og_description":"\u00abLa Tintorera\u00bb es una peque\u00f1a parcela algo mayor de 1\/3 de Ha dentro de la Vi\u00f1a de los Pinos que nuestro abuelo plant\u00f3 principalmente con Alicante Bouschet para dar color a la menc\u00eda&#8230; Con la edad, esta variedad m\u00e1s propia del mediterr\u00e1neo se ha adaptado perfectamente al Bierzo, donde muestra su cara m\u00e1s perfumada y &hellip; Continuar leyendo \"Cantari\u00f1a 1 La Tintorera\"","og_url":"https:\/\/vinoscantarina.es\/index.php\/cantarina-1-la-tintorera\/","og_site_name":"Cantari\u00f1a Vinos de Familia","article_modified_time":"2024-12-23T10:11:32+00:00","og_image":[{"width":135,"height":500,"url":"https:\/\/vinoscantarina.es\/wp-content\/uploads\/2022\/02\/C1_2016.png","type":"image\/png"}],"twitter_misc":{"Tiempo de lectura":"2 minutos"},"schema":{"@context":"https:\/\/schema.org","@graph":[{"@type":"WebPage","@id":"https:\/\/vinoscantarina.es\/index.php\/cantarina-1-la-tintorera\/","url":"https:\/\/vinoscantarina.es\/index.php\/cantarina-1-la-tintorera\/","name":"Cantari\u00f1a 1 La Tintorera - Cantari\u00f1a Vinos de Familia","isPartOf":{"@id":"https:\/\/vinoscantarina.es\/#website"},"primaryImageOfPage":{"@id":"https:\/\/vinoscantarina.es\/index.php\/cantarina-1-la-tintorera\/#primaryimage"},"image":{"@id":"https:\/\/vinoscantarina.es\/index.php\/cantarina-1-la-tintorera\/#primaryimage"},"thumbnailUrl":"https:\/\/vinoscantarina.es\/wp-content\/uploads\/2022\/02\/C1_2016.png","datePublished":"2021-05-11T18:26:54+00:00","dateModified":"2024-12-23T10:11:32+00:00","breadcrumb":{"@id":"https:\/\/vinoscantarina.es\/index.php\/cantarina-1-la-tintorera\/#breadcrumb"},"inLanguage":"es","potentialAction":[{"@type":"ReadAction","target":["https:\/\/vinoscantarina.es\/index.php\/cantarina-1-la-tintorera\/"]}]},{"@type":"ImageObject","inLanguage":"es","@id":"https:\/\/vinoscantarina.es\/index.php\/cantarina-1-la-tintorera\/#primaryimage","url":"https:\/\/vinoscantarina.es\/wp-content\/uploads\/2022\/02\/C1_2016.png","contentUrl":"https:\/\/vinoscantarina.es\/wp-content\/uploads\/2022\/02\/C1_2016.png","width":135,"height":500,"caption":"La Tintorera 2016"},{"@type":"BreadcrumbList","@id":"https:\/\/vinoscantarina.es\/index.php\/cantarina-1-la-tintorera\/#breadcrumb","itemListElement":[{"@type":"ListItem","position":1,"name":"Portada","item":"https:\/\/vinoscantarina.es\/"},{"@type":"ListItem","position":2,"name":"Cantari\u00f1a 1 La Tintorera"}]},{"@type":"WebSite","@id":"https:\/\/vinoscantarina.es\/#website","url":"https:\/\/vinoscantarina.es\/","name":"Cantari\u00f1a Vinos de Familia","description":"Vinos del Bierzo, Vinos para Disfrutar","publisher":{"@id":"https:\/\/vinoscantarina.es\/#organization"},"potentialAction":[{"@type":"SearchAction","target":{"@type":"EntryPoint","urlTemplate":"https:\/\/vinoscantarina.es\/?s={search_term_string}"},"query-input":{"@type":"PropertyValueSpecification","valueRequired":true,"valueName":"search_term_string"}}],"inLanguage":"es"},{"@type":"Organization","@id":"https:\/\/vinoscantarina.es\/#organization","name":"Cantari\u00f1a Vinos de Familia","url":"https:\/\/vinoscantarina.es\/","logo":{"@type":"ImageObject","inLanguage":"es","@id":"https:\/\/vinoscantarina.es\/#\/schema\/logo\/image\/","url":"https:\/\/vinoscantarina.es\/wp-content\/uploads\/2021\/05\/cropped-Cantarina.png","contentUrl":"https:\/\/vinoscantarina.es\/wp-content\/uploads\/2021\/05\/cropped-Cantarina.png","width":250,"height":250,"caption":"Cantari\u00f1a Vinos de Familia"},"image":{"@id":"https:\/\/vinoscantarina.es\/#\/schema\/logo\/image\/"}}]}},"_links":{"self":[{"href":"https:\/\/vinoscantarina.es\/index.php\/wp-json\/wp\/v2\/pages\/151","targetHints":{"allow":["GET"]}}],"collection":[{"href":"https:\/\/vinoscantarina.es\/index.php\/wp-json\/wp\/v2\/pages"}],"about":[{"href":"https:\/\/vinoscantarina.es\/index.php\/wp-json\/wp\/v2\/types\/page"}],"author":[{"embeddable":true,"href":"https:\/\/vinoscantarina.es\/index.php\/wp-json\/wp\/v2\/users\/1"}],"replies":[{"embeddable":true,"href":"https:\/\/vinoscantarina.es\/index.php\/wp-json\/wp\/v2\/comments?post=151"}],"version-history":[{"count":10,"href":"https:\/\/vinoscantarina.es\/index.php\/wp-json\/wp\/v2\/pages\/151\/revisions"}],"predecessor-version":[{"id":586,"href":"https:\/\/vinoscantarina.es\/index.php\/wp-json\/wp\/v2\/pages\/151\/revisions\/586"}],"wp:attachment":[{"href":"https:\/\/vinoscantarina.es\/index.php\/wp-json\/wp\/v2\/media?parent=151"}],"curies":[{"name":"wp","href":"https:\/\/api.w.org\/{rel}","templated":true}]}}