{"id":161,"date":"2021-05-11T18:48:02","date_gmt":"2021-05-11T18:48:02","guid":{"rendered":"https:\/\/vinoscantarina.es\/?page_id=161"},"modified":"2024-12-23T10:12:17","modified_gmt":"2024-12-23T10:12:17","slug":"cantarina-3-el-triangulo","status":"publish","type":"page","link":"https:\/\/vinoscantarina.es\/index.php\/cantarina-3-el-triangulo\/","title":{"rendered":"Cantari\u00f1a 3 El Tri\u00e1ngulo"},"content":{"rendered":"\n<div class=\"wp-block-columns is-layout-flex wp-container-core-columns-is-layout-9d6595d7 wp-block-columns-is-layout-flex\">\n<div class=\"wp-block-column is-layout-flow wp-block-column-is-layout-flow\" style=\"flex-basis:33.33%\">\n<figure class=\"wp-block-image size-full\"><img loading=\"lazy\" decoding=\"async\" width=\"134\" height=\"500\" src=\"https:\/\/vinoscantarina.es\/wp-content\/uploads\/2022\/02\/C3_2018.png\" alt=\"\" class=\"wp-image-387\" srcset=\"https:\/\/vinoscantarina.es\/wp-content\/uploads\/2022\/02\/C3_2018.png 134w, https:\/\/vinoscantarina.es\/wp-content\/uploads\/2022\/02\/C3_2018-80x300.png 80w\" sizes=\"auto, (max-width: 134px) 100vw, 134px\" \/><figcaption>El Tri\u00e1ngulo 2018<\/figcaption><\/figure>\n<\/div>\n\n\n\n<div class=\"wp-block-column is-layout-flow wp-block-column-is-layout-flow\" style=\"flex-basis:66.66%\">\n<p class=\"has-drop-cap\"><small>Con pr\u00e1cticamente 1\/4 de hect\u00e1rea, su distinto suelo y orientaci\u00f3n nos ofrece un perfil muy especial que merece la pena mantener independiente del resto de la Vi\u00f1a de los Pinos. Con esa forma triangular, por mucho que hubi\u00e9semos buscado otro apellido para Cantari\u00f1a 3, no nos quedaba m\u00e1s remedio que ponerle el nombre por el que siempre nos referimos a la parcela. Un vino muy especial, con alto potencial de guarda, y desafortunadamente, muy escaso. <\/small><\/p>\n\n\n\n<p><small>Todo un tri\u00e1ngulo de fuerzas.<\/small><\/p>\n<\/div>\n<\/div>\n\n\n<!-- Ecwid shopping cart plugin v 6.12.12 --><!--noptimize--><script type=\"text\/javascript\">if (typeof jQuery !== undefined && jQuery.mobile) { jQuery.mobile.hashListeningEnabled = false; jQuery.mobile.pushStateEnabled=false; }<\/script><!--\/noptimize--><div class=\"ecwid ecwid-SingleProduct-v2 ecwid-Product ecwid-Product-190048522 ecwid-SingleProduct-v2-centered\" itemscope itemtype=\"http:\/\/schema.org\/Product\" data-single-product-id=\"190048522\" id=\"ecwid-shopping-cart-ecwid_product-1\"><div itemtype=\"http:\/\/schema.org\/Offer\" itemscope itemprop=\"offers\"><div class=\"ecwid-productBrowser-price ecwid-price\" itemprop=\"price\"  data-spw-price-location=\"button\" content=\"24.793388\"><div itemprop=\"priceCurrency\"><\/div><\/div><\/div><div customprop=\"addtobag\"><\/div><\/div> \t\t\t<!--noptimize-->\n\t\t\t<script data-cfasync=\"false\" data-no-optimize=\"1\" type=\"text\/javascript\">\n\t\t\twindow._xnext_initialization_scripts = window._xnext_initialization_scripts || [];\n\t\t\twindow._xnext_initialization_scripts.push({widgetType: 'Product', id: 'ecwid-shopping-cart-ecwid_product-1', arg: [\"display= price addtobag\",\"link=yes\",\"version=2\",\"show_border=\",\"show_price_on_button=1\",\"center_align=1\"]});\n\t\t\t<\/script>\n\t\t\t<!--\/noptimize-->\n\t\t\t<!-- END Ecwid Shopping Cart v 6.12.12 -->\n\n\n<div class=\"wp-block-cover is-light\"><span aria-hidden=\"true\" class=\"has-background-dim-20 wp-block-cover__gradient-background has-background-dim\"><\/span><img loading=\"lazy\" decoding=\"async\" width=\"2560\" height=\"1920\" class=\"wp-block-cover__image-background wp-image-251\" alt=\"\" src=\"https:\/\/vinoscantarina.es\/wp-content\/uploads\/2021\/05\/IMG_6673-scaled.jpg\" style=\"object-position:71% 3%\" data-object-fit=\"cover\" data-object-position=\"71% 3%\" srcset=\"https:\/\/vinoscantarina.es\/wp-content\/uploads\/2021\/05\/IMG_6673-scaled.jpg 2560w, https:\/\/vinoscantarina.es\/wp-content\/uploads\/2021\/05\/IMG_6673-300x225.jpg 300w, https:\/\/vinoscantarina.es\/wp-content\/uploads\/2021\/05\/IMG_6673-1024x768.jpg 1024w, https:\/\/vinoscantarina.es\/wp-content\/uploads\/2021\/05\/IMG_6673-768x576.jpg 768w, https:\/\/vinoscantarina.es\/wp-content\/uploads\/2021\/05\/IMG_6673-1536x1152.jpg 1536w, https:\/\/vinoscantarina.es\/wp-content\/uploads\/2021\/05\/IMG_6673-2048x1536.jpg 2048w\" sizes=\"auto, (max-width: 767px) 89vw, (max-width: 1000px) 54vw, (max-width: 1071px) 543px, 580px\" \/><div class=\"wp-block-cover__inner-container is-layout-flow wp-block-cover-is-layout-flow\">\n<ul class=\"has-white-color has-text-color wp-block-list\" style=\"font-size:14px\"><li>Informaci\u00f3n T\u00e9cnica<ul><li>Parcela: El Tri\u00e1ngulo (Vi\u00f1a de los Pinos, paraje de Las Gundi\u00f1as)<\/li><\/ul><ul><li>95% Menc\u00eda, 5% otras (Garnacha Tintorera, Do\u00f1a Blanca)<\/li><li>Suelo: Arcilla y arena con piedra y pizarra descompuesta <\/li><li>Orientaci\u00f3n: Oeste<\/li><li>Altitud 575 m.<\/li><li>12 meses en barricas usadas de 225 l de roble franc\u00e9s<\/li><li>alc. by Vol.: 14.0\u00ba<\/li><li>780 botellas<\/li><\/ul><\/li><\/ul>\n\n\n\n<p class=\"has-text-align-right has-white-color has-text-color has-normal-font-size\"><strong>Notas de Cata El Tri\u00e1ngulo 2018<\/strong><\/p>\n\n\n\n<p class=\"has-text-align-right has-white-color has-text-color has-normal-font-size\">Capa rojo oscuro. Flores, bosque y frutillas en nariz. En boca es aterciopelado, profundo, con mineralidad y fruta en equilibrio y tanicidad sutil que le dan largura e invitan a otro trago.<\/p>\n<\/div><\/div>\n","protected":false},"excerpt":{"rendered":"<p>Con pr\u00e1cticamente 1\/4 de hect\u00e1rea, su distinto suelo y orientaci\u00f3n nos ofrece un perfil muy especial que merece la pena mantener independiente del resto de la Vi\u00f1a de los Pinos. Con esa forma triangular, por mucho que hubi\u00e9semos buscado otro apellido para Cantari\u00f1a 3, no nos quedaba m\u00e1s remedio que ponerle el nombre por el &hellip; <\/p>\n<p class=\"link-more\"><a href=\"https:\/\/vinoscantarina.es\/index.php\/cantarina-3-el-triangulo\/\" class=\"more-link\">Continuar leyendo<span class=\"screen-reader-text\"> \u00abCantari\u00f1a 3 El Tri\u00e1ngulo\u00bb<\/span><\/a><\/p>\n","protected":false},"author":1,"featured_media":0,"parent":0,"menu_order":0,"comment_status":"closed","ping_status":"closed","template":"","meta":{"footnotes":""},"class_list":["post-161","page","type-page","status-publish","hentry"],"yoast_head":"<!-- This site is optimized with the Yoast SEO plugin v27.4 - https:\/\/yoast.com\/product\/yoast-seo-wordpress\/ -->\n<title>Cantari\u00f1a 3 El Tri\u00e1ngulo - Cantari\u00f1a Vinos de Familia<\/title>\n<meta name=\"robots\" content=\"index, follow, max-snippet:-1, max-image-preview:large, max-video-preview:-1\" \/>\n<link rel=\"canonical\" href=\"https:\/\/vinoscantarina.es\/index.php\/cantarina-3-el-triangulo\/\" \/>\n<meta property=\"og:locale\" content=\"es_ES\" \/>\n<meta property=\"og:type\" content=\"article\" \/>\n<meta property=\"og:title\" content=\"Cantari\u00f1a 3 El Tri\u00e1ngulo - Cantari\u00f1a Vinos de Familia\" \/>\n<meta property=\"og:description\" content=\"Con pr\u00e1cticamente 1\/4 de hect\u00e1rea, su distinto suelo y orientaci\u00f3n nos ofrece un perfil muy especial que merece la pena mantener independiente del resto de la Vi\u00f1a de los Pinos. Con esa forma triangular, por mucho que hubi\u00e9semos buscado otro apellido para Cantari\u00f1a 3, no nos quedaba m\u00e1s remedio que ponerle el nombre por el &hellip; Continuar leyendo &quot;Cantari\u00f1a 3 El Tri\u00e1ngulo&quot;\" \/>\n<meta property=\"og:url\" content=\"https:\/\/vinoscantarina.es\/index.php\/cantarina-3-el-triangulo\/\" \/>\n<meta property=\"og:site_name\" content=\"Cantari\u00f1a Vinos de Familia\" \/>\n<meta property=\"article:modified_time\" content=\"2024-12-23T10:12:17+00:00\" \/>\n<meta property=\"og:image\" content=\"https:\/\/vinoscantarina.es\/wp-content\/uploads\/2022\/02\/C3_2018.png\" \/>\n\t<meta property=\"og:image:width\" content=\"134\" \/>\n\t<meta property=\"og:image:height\" content=\"500\" \/>\n\t<meta property=\"og:image:type\" content=\"image\/png\" \/>\n<meta name=\"twitter:label1\" content=\"Tiempo de lectura\" \/>\n\t<meta name=\"twitter:data1\" content=\"2 minutos\" \/>\n<script type=\"application\/ld+json\" class=\"yoast-schema-graph\">{\"@context\":\"https:\\\/\\\/schema.org\",\"@graph\":[{\"@type\":\"WebPage\",\"@id\":\"https:\\\/\\\/vinoscantarina.es\\\/index.php\\\/cantarina-3-el-triangulo\\\/\",\"url\":\"https:\\\/\\\/vinoscantarina.es\\\/index.php\\\/cantarina-3-el-triangulo\\\/\",\"name\":\"Cantari\u00f1a 3 El Tri\u00e1ngulo - Cantari\u00f1a Vinos de Familia\",\"isPartOf\":{\"@id\":\"https:\\\/\\\/vinoscantarina.es\\\/#website\"},\"primaryImageOfPage\":{\"@id\":\"https:\\\/\\\/vinoscantarina.es\\\/index.php\\\/cantarina-3-el-triangulo\\\/#primaryimage\"},\"image\":{\"@id\":\"https:\\\/\\\/vinoscantarina.es\\\/index.php\\\/cantarina-3-el-triangulo\\\/#primaryimage\"},\"thumbnailUrl\":\"https:\\\/\\\/vinoscantarina.es\\\/wp-content\\\/uploads\\\/2022\\\/02\\\/C3_2018.png\",\"datePublished\":\"2021-05-11T18:48:02+00:00\",\"dateModified\":\"2024-12-23T10:12:17+00:00\",\"breadcrumb\":{\"@id\":\"https:\\\/\\\/vinoscantarina.es\\\/index.php\\\/cantarina-3-el-triangulo\\\/#breadcrumb\"},\"inLanguage\":\"es\",\"potentialAction\":[{\"@type\":\"ReadAction\",\"target\":[\"https:\\\/\\\/vinoscantarina.es\\\/index.php\\\/cantarina-3-el-triangulo\\\/\"]}]},{\"@type\":\"ImageObject\",\"inLanguage\":\"es\",\"@id\":\"https:\\\/\\\/vinoscantarina.es\\\/index.php\\\/cantarina-3-el-triangulo\\\/#primaryimage\",\"url\":\"https:\\\/\\\/vinoscantarina.es\\\/wp-content\\\/uploads\\\/2022\\\/02\\\/C3_2018.png\",\"contentUrl\":\"https:\\\/\\\/vinoscantarina.es\\\/wp-content\\\/uploads\\\/2022\\\/02\\\/C3_2018.png\",\"width\":134,\"height\":500,\"caption\":\"El Tri\u00e1ngulo 2018\"},{\"@type\":\"BreadcrumbList\",\"@id\":\"https:\\\/\\\/vinoscantarina.es\\\/index.php\\\/cantarina-3-el-triangulo\\\/#breadcrumb\",\"itemListElement\":[{\"@type\":\"ListItem\",\"position\":1,\"name\":\"Portada\",\"item\":\"https:\\\/\\\/vinoscantarina.es\\\/\"},{\"@type\":\"ListItem\",\"position\":2,\"name\":\"Cantari\u00f1a 3 El Tri\u00e1ngulo\"}]},{\"@type\":\"WebSite\",\"@id\":\"https:\\\/\\\/vinoscantarina.es\\\/#website\",\"url\":\"https:\\\/\\\/vinoscantarina.es\\\/\",\"name\":\"Cantari\u00f1a Vinos de Familia\",\"description\":\"Vinos del Bierzo, Vinos para Disfrutar\",\"publisher\":{\"@id\":\"https:\\\/\\\/vinoscantarina.es\\\/#organization\"},\"potentialAction\":[{\"@type\":\"SearchAction\",\"target\":{\"@type\":\"EntryPoint\",\"urlTemplate\":\"https:\\\/\\\/vinoscantarina.es\\\/?s={search_term_string}\"},\"query-input\":{\"@type\":\"PropertyValueSpecification\",\"valueRequired\":true,\"valueName\":\"search_term_string\"}}],\"inLanguage\":\"es\"},{\"@type\":\"Organization\",\"@id\":\"https:\\\/\\\/vinoscantarina.es\\\/#organization\",\"name\":\"Cantari\u00f1a Vinos de Familia\",\"url\":\"https:\\\/\\\/vinoscantarina.es\\\/\",\"logo\":{\"@type\":\"ImageObject\",\"inLanguage\":\"es\",\"@id\":\"https:\\\/\\\/vinoscantarina.es\\\/#\\\/schema\\\/logo\\\/image\\\/\",\"url\":\"https:\\\/\\\/vinoscantarina.es\\\/wp-content\\\/uploads\\\/2021\\\/05\\\/cropped-Cantarina.png\",\"contentUrl\":\"https:\\\/\\\/vinoscantarina.es\\\/wp-content\\\/uploads\\\/2021\\\/05\\\/cropped-Cantarina.png\",\"width\":250,\"height\":250,\"caption\":\"Cantari\u00f1a Vinos de Familia\"},\"image\":{\"@id\":\"https:\\\/\\\/vinoscantarina.es\\\/#\\\/schema\\\/logo\\\/image\\\/\"}}]}<\/script>\n<!-- \/ Yoast SEO plugin. -->","yoast_head_json":{"title":"Cantari\u00f1a 3 El Tri\u00e1ngulo - Cantari\u00f1a Vinos de Familia","robots":{"index":"index","follow":"follow","max-snippet":"max-snippet:-1","max-image-preview":"max-image-preview:large","max-video-preview":"max-video-preview:-1"},"canonical":"https:\/\/vinoscantarina.es\/index.php\/cantarina-3-el-triangulo\/","og_locale":"es_ES","og_type":"article","og_title":"Cantari\u00f1a 3 El Tri\u00e1ngulo - Cantari\u00f1a Vinos de Familia","og_description":"Con pr\u00e1cticamente 1\/4 de hect\u00e1rea, su distinto suelo y orientaci\u00f3n nos ofrece un perfil muy especial que merece la pena mantener independiente del resto de la Vi\u00f1a de los Pinos. Con esa forma triangular, por mucho que hubi\u00e9semos buscado otro apellido para Cantari\u00f1a 3, no nos quedaba m\u00e1s remedio que ponerle el nombre por el &hellip; Continuar leyendo \"Cantari\u00f1a 3 El Tri\u00e1ngulo\"","og_url":"https:\/\/vinoscantarina.es\/index.php\/cantarina-3-el-triangulo\/","og_site_name":"Cantari\u00f1a Vinos de Familia","article_modified_time":"2024-12-23T10:12:17+00:00","og_image":[{"width":134,"height":500,"url":"https:\/\/vinoscantarina.es\/wp-content\/uploads\/2022\/02\/C3_2018.png","type":"image\/png"}],"twitter_misc":{"Tiempo de lectura":"2 minutos"},"schema":{"@context":"https:\/\/schema.org","@graph":[{"@type":"WebPage","@id":"https:\/\/vinoscantarina.es\/index.php\/cantarina-3-el-triangulo\/","url":"https:\/\/vinoscantarina.es\/index.php\/cantarina-3-el-triangulo\/","name":"Cantari\u00f1a 3 El Tri\u00e1ngulo - Cantari\u00f1a Vinos de Familia","isPartOf":{"@id":"https:\/\/vinoscantarina.es\/#website"},"primaryImageOfPage":{"@id":"https:\/\/vinoscantarina.es\/index.php\/cantarina-3-el-triangulo\/#primaryimage"},"image":{"@id":"https:\/\/vinoscantarina.es\/index.php\/cantarina-3-el-triangulo\/#primaryimage"},"thumbnailUrl":"https:\/\/vinoscantarina.es\/wp-content\/uploads\/2022\/02\/C3_2018.png","datePublished":"2021-05-11T18:48:02+00:00","dateModified":"2024-12-23T10:12:17+00:00","breadcrumb":{"@id":"https:\/\/vinoscantarina.es\/index.php\/cantarina-3-el-triangulo\/#breadcrumb"},"inLanguage":"es","potentialAction":[{"@type":"ReadAction","target":["https:\/\/vinoscantarina.es\/index.php\/cantarina-3-el-triangulo\/"]}]},{"@type":"ImageObject","inLanguage":"es","@id":"https:\/\/vinoscantarina.es\/index.php\/cantarina-3-el-triangulo\/#primaryimage","url":"https:\/\/vinoscantarina.es\/wp-content\/uploads\/2022\/02\/C3_2018.png","contentUrl":"https:\/\/vinoscantarina.es\/wp-content\/uploads\/2022\/02\/C3_2018.png","width":134,"height":500,"caption":"El Tri\u00e1ngulo 2018"},{"@type":"BreadcrumbList","@id":"https:\/\/vinoscantarina.es\/index.php\/cantarina-3-el-triangulo\/#breadcrumb","itemListElement":[{"@type":"ListItem","position":1,"name":"Portada","item":"https:\/\/vinoscantarina.es\/"},{"@type":"ListItem","position":2,"name":"Cantari\u00f1a 3 El Tri\u00e1ngulo"}]},{"@type":"WebSite","@id":"https:\/\/vinoscantarina.es\/#website","url":"https:\/\/vinoscantarina.es\/","name":"Cantari\u00f1a Vinos de Familia","description":"Vinos del Bierzo, Vinos para Disfrutar","publisher":{"@id":"https:\/\/vinoscantarina.es\/#organization"},"potentialAction":[{"@type":"SearchAction","target":{"@type":"EntryPoint","urlTemplate":"https:\/\/vinoscantarina.es\/?s={search_term_string}"},"query-input":{"@type":"PropertyValueSpecification","valueRequired":true,"valueName":"search_term_string"}}],"inLanguage":"es"},{"@type":"Organization","@id":"https:\/\/vinoscantarina.es\/#organization","name":"Cantari\u00f1a Vinos de Familia","url":"https:\/\/vinoscantarina.es\/","logo":{"@type":"ImageObject","inLanguage":"es","@id":"https:\/\/vinoscantarina.es\/#\/schema\/logo\/image\/","url":"https:\/\/vinoscantarina.es\/wp-content\/uploads\/2021\/05\/cropped-Cantarina.png","contentUrl":"https:\/\/vinoscantarina.es\/wp-content\/uploads\/2021\/05\/cropped-Cantarina.png","width":250,"height":250,"caption":"Cantari\u00f1a Vinos de Familia"},"image":{"@id":"https:\/\/vinoscantarina.es\/#\/schema\/logo\/image\/"}}]}},"_links":{"self":[{"href":"https:\/\/vinoscantarina.es\/index.php\/wp-json\/wp\/v2\/pages\/161","targetHints":{"allow":["GET"]}}],"collection":[{"href":"https:\/\/vinoscantarina.es\/index.php\/wp-json\/wp\/v2\/pages"}],"about":[{"href":"https:\/\/vinoscantarina.es\/index.php\/wp-json\/wp\/v2\/types\/page"}],"author":[{"embeddable":true,"href":"https:\/\/vinoscantarina.es\/index.php\/wp-json\/wp\/v2\/users\/1"}],"replies":[{"embeddable":true,"href":"https:\/\/vinoscantarina.es\/index.php\/wp-json\/wp\/v2\/comments?post=161"}],"version-history":[{"count":7,"href":"https:\/\/vinoscantarina.es\/index.php\/wp-json\/wp\/v2\/pages\/161\/revisions"}],"predecessor-version":[{"id":587,"href":"https:\/\/vinoscantarina.es\/index.php\/wp-json\/wp\/v2\/pages\/161\/revisions\/587"}],"wp:attachment":[{"href":"https:\/\/vinoscantarina.es\/index.php\/wp-json\/wp\/v2\/media?parent=161"}],"curies":[{"name":"wp","href":"https:\/\/api.w.org\/{rel}","templated":true}]}}