{"id":170,"date":"2021-05-11T18:57:52","date_gmt":"2021-05-11T18:57:52","guid":{"rendered":"https:\/\/vinoscantarina.es\/?page_id=170"},"modified":"2024-12-23T10:12:41","modified_gmt":"2024-12-23T10:12:41","slug":"cantarina-5-valdeobispo","status":"publish","type":"page","link":"https:\/\/vinoscantarina.es\/index.php\/cantarina-5-valdeobispo\/","title":{"rendered":"Cantari\u00f1a 5 Valdeobispo"},"content":{"rendered":"\n<div class=\"wp-block-columns is-layout-flex wp-container-core-columns-is-layout-9d6595d7 wp-block-columns-is-layout-flex\">\n<div class=\"wp-block-column is-layout-flow wp-block-column-is-layout-flow\" style=\"flex-basis:33.33%\">\n<figure class=\"wp-block-image size-full\"><img loading=\"lazy\" decoding=\"async\" width=\"134\" height=\"500\" src=\"https:\/\/vinoscantarina.es\/wp-content\/uploads\/2022\/02\/C5_2018.png\" alt=\"\" class=\"wp-image-396\" srcset=\"https:\/\/vinoscantarina.es\/wp-content\/uploads\/2022\/02\/C5_2018.png 134w, https:\/\/vinoscantarina.es\/wp-content\/uploads\/2022\/02\/C5_2018-80x300.png 80w\" sizes=\"auto, (max-width: 134px) 100vw, 134px\" \/><figcaption>Valdeobispo 2018<\/figcaption><\/figure>\n<\/div>\n\n\n\n<div class=\"wp-block-column is-layout-flow wp-block-column-is-layout-flow\" style=\"flex-basis:66.66%\">\n<p class=\"has-drop-cap\" style=\"font-size:18px\"><small><small>Valdeobispo es una finca de casi 5 hect\u00e1reas cerca de Villafranca, en una ubicaci\u00f3n hist\u00f3ricamente privilegiada. Plantada en 1910 es sin duda una de las grandes vi\u00f1as del Bierzo y esperamos haberla representado fielmente en nuestro Cantari\u00f1a 5. Dividida en dos, la parte m\u00e1s baja con menc\u00eda y la superior con variedades blancas, son cepas muy viejas de vi\u00f1edo curtido por la pendiente y el tiempo que ofrecen un bajo rendimiento pero una concentraci\u00f3n arom\u00e1tica espectacular. Cultivarla de manera ecol\u00f3gica y sostenible es una obligaci\u00f3n para nosotros, fomentando la biodiversidad y el equilibrio vital. Muchas historias hay detr\u00e1s de esta vi\u00f1a, que fue hipotecada para pagar estudios, ocult\u00f3 una venta con tres lagares y un pozo tras los beirones, y dio nombre al primer proyecto de calidad en el Bierzo de entre m\u00e1s de 40 hect\u00e1reas. El nombre de su paraje nos acompa\u00f1a hoy reivindicando su majestuosidad.<\/small><\/small><\/p>\n<\/div>\n<\/div>\n\n\n<!-- Ecwid shopping cart plugin v 6.12.12 --><!--noptimize--><script type=\"text\/javascript\">if (typeof jQuery !== undefined && jQuery.mobile) { jQuery.mobile.hashListeningEnabled = false; jQuery.mobile.pushStateEnabled=false; }<\/script><!--\/noptimize--><div class=\"ecwid ecwid-SingleProduct-v2 ecwid-Product ecwid-Product-214130044 ecwid-SingleProduct-v2-centered\" itemscope itemtype=\"http:\/\/schema.org\/Product\" data-single-product-id=\"214130044\" id=\"ecwid-shopping-cart-ecwid_product-1\"><div itemtype=\"http:\/\/schema.org\/Offer\" itemscope itemprop=\"offers\"><div class=\"ecwid-productBrowser-price ecwid-price\" itemprop=\"price\"  data-spw-price-location=\"button\" content=\"20.661157\"><div itemprop=\"priceCurrency\"><\/div><\/div><\/div><div customprop=\"addtobag\"><\/div><\/div> \t\t\t<!--noptimize-->\n\t\t\t<script data-cfasync=\"false\" data-no-optimize=\"1\" type=\"text\/javascript\">\n\t\t\twindow._xnext_initialization_scripts = window._xnext_initialization_scripts || [];\n\t\t\twindow._xnext_initialization_scripts.push({widgetType: 'Product', id: 'ecwid-shopping-cart-ecwid_product-1', arg: [\"display= price addtobag\",\"link=yes\",\"version=2\",\"show_border=\",\"show_price_on_button=1\",\"center_align=1\"]});\n\t\t\t<\/script>\n\t\t\t<!--\/noptimize-->\n\t\t\t<!-- END Ecwid Shopping Cart v 6.12.12 -->\n\n\n<div class=\"wp-block-cover\"><span aria-hidden=\"true\" class=\"has-background-dim-20 wp-block-cover__gradient-background has-background-dim\"><\/span><img loading=\"lazy\" decoding=\"async\" width=\"960\" height=\"719\" class=\"wp-block-cover__image-background wp-image-257\" alt=\"\" src=\"https:\/\/vinoscantarina.es\/wp-content\/uploads\/2021\/05\/13010790_612833715552668_209732985067784645_n-1.jpg\" style=\"object-position:71% 3%\" data-object-fit=\"cover\" data-object-position=\"71% 3%\" srcset=\"https:\/\/vinoscantarina.es\/wp-content\/uploads\/2021\/05\/13010790_612833715552668_209732985067784645_n-1.jpg 960w, https:\/\/vinoscantarina.es\/wp-content\/uploads\/2021\/05\/13010790_612833715552668_209732985067784645_n-1-300x225.jpg 300w, https:\/\/vinoscantarina.es\/wp-content\/uploads\/2021\/05\/13010790_612833715552668_209732985067784645_n-1-768x575.jpg 768w\" sizes=\"auto, (max-width: 767px) 89vw, (max-width: 1000px) 54vw, (max-width: 1071px) 543px, 580px\" \/><div class=\"wp-block-cover__inner-container is-layout-flow wp-block-cover-is-layout-flow\">\n<ul class=\"has-normal-font-size wp-block-list\"><li>Informaci\u00f3n T\u00e9cnica<ul><li><small>Parcela: vino de paraje Valdeobispo, Villafranca del Bierzo<\/small><\/li><li><small>100% Menc\u00eda <\/small><\/li><li><small>Suelo: Arcilla y arena con canto rodado<\/small><\/li><li><small>Altitud: 550 m.<\/small><\/li><\/ul><ul><li><small>12 meses en barricas usadas de  225 litros de roble franc\u00e9s <\/small><\/li><li><small>alc. by Vol: 14\u00ba<\/small><\/li><li><small>4,000 botellas y 300 magnum<\/small><\/li><li>93 puntos Robert Parker<\/li><\/ul><\/li><\/ul>\n\n\n\n<p class=\"has-text-align-right has-normal-font-size\"><strong>Notas de Cata Valdeobispo 2018<\/strong><\/p>\n\n\n\n<p class=\"has-text-align-right has-normal-font-size\">Capa muy oscura y brillante, en nariz es fruta roja y negra, frambuesas, picotas y ciruelas. En boca es muy amplio y sedoso, mantiene el perfume llenando el paladar de aromas a fruta y la elegancia de la menc\u00eda berciana. Es un vino de expresi\u00f3n pura de menc\u00eda de cepas centenarias y del terru\u00f1o del que forman parte. Digno heredero de otros tiempos.<\/p>\n<\/div><\/div>\n","protected":false},"excerpt":{"rendered":"<p>Valdeobispo es una finca de casi 5 hect\u00e1reas cerca de Villafranca, en una ubicaci\u00f3n hist\u00f3ricamente privilegiada. Plantada en 1910 es sin duda una de las grandes vi\u00f1as del Bierzo y esperamos haberla representado fielmente en nuestro Cantari\u00f1a 5. Dividida en dos, la parte m\u00e1s baja con menc\u00eda y la superior con variedades blancas, son cepas &hellip; <\/p>\n<p class=\"link-more\"><a href=\"https:\/\/vinoscantarina.es\/index.php\/cantarina-5-valdeobispo\/\" class=\"more-link\">Continuar leyendo<span class=\"screen-reader-text\"> \u00abCantari\u00f1a 5 Valdeobispo\u00bb<\/span><\/a><\/p>\n","protected":false},"author":1,"featured_media":0,"parent":0,"menu_order":0,"comment_status":"closed","ping_status":"closed","template":"","meta":{"footnotes":""},"class_list":["post-170","page","type-page","status-publish","hentry"],"yoast_head":"<!-- This site is optimized with the Yoast SEO plugin v27.4 - https:\/\/yoast.com\/product\/yoast-seo-wordpress\/ -->\n<title>Cantari\u00f1a 5 Valdeobispo - Cantari\u00f1a Vinos de Familia<\/title>\n<meta name=\"robots\" content=\"index, follow, max-snippet:-1, max-image-preview:large, max-video-preview:-1\" \/>\n<link rel=\"canonical\" href=\"https:\/\/vinoscantarina.es\/index.php\/cantarina-5-valdeobispo\/\" \/>\n<meta property=\"og:locale\" content=\"es_ES\" \/>\n<meta property=\"og:type\" content=\"article\" \/>\n<meta property=\"og:title\" content=\"Cantari\u00f1a 5 Valdeobispo - Cantari\u00f1a Vinos de Familia\" \/>\n<meta property=\"og:description\" content=\"Valdeobispo es una finca de casi 5 hect\u00e1reas cerca de Villafranca, en una ubicaci\u00f3n hist\u00f3ricamente privilegiada. Plantada en 1910 es sin duda una de las grandes vi\u00f1as del Bierzo y esperamos haberla representado fielmente en nuestro Cantari\u00f1a 5. Dividida en dos, la parte m\u00e1s baja con menc\u00eda y la superior con variedades blancas, son cepas &hellip; Continuar leyendo &quot;Cantari\u00f1a 5 Valdeobispo&quot;\" \/>\n<meta property=\"og:url\" content=\"https:\/\/vinoscantarina.es\/index.php\/cantarina-5-valdeobispo\/\" \/>\n<meta property=\"og:site_name\" content=\"Cantari\u00f1a Vinos de Familia\" \/>\n<meta property=\"article:modified_time\" content=\"2024-12-23T10:12:41+00:00\" \/>\n<meta property=\"og:image\" content=\"https:\/\/vinoscantarina.es\/wp-content\/uploads\/2022\/02\/C5_2018.png\" \/>\n\t<meta property=\"og:image:width\" content=\"134\" \/>\n\t<meta property=\"og:image:height\" content=\"500\" \/>\n\t<meta property=\"og:image:type\" content=\"image\/png\" \/>\n<meta name=\"twitter:label1\" content=\"Tiempo de lectura\" \/>\n\t<meta name=\"twitter:data1\" content=\"2 minutos\" \/>\n<script type=\"application\/ld+json\" class=\"yoast-schema-graph\">{\"@context\":\"https:\\\/\\\/schema.org\",\"@graph\":[{\"@type\":\"WebPage\",\"@id\":\"https:\\\/\\\/vinoscantarina.es\\\/index.php\\\/cantarina-5-valdeobispo\\\/\",\"url\":\"https:\\\/\\\/vinoscantarina.es\\\/index.php\\\/cantarina-5-valdeobispo\\\/\",\"name\":\"Cantari\u00f1a 5 Valdeobispo - Cantari\u00f1a Vinos de Familia\",\"isPartOf\":{\"@id\":\"https:\\\/\\\/vinoscantarina.es\\\/#website\"},\"primaryImageOfPage\":{\"@id\":\"https:\\\/\\\/vinoscantarina.es\\\/index.php\\\/cantarina-5-valdeobispo\\\/#primaryimage\"},\"image\":{\"@id\":\"https:\\\/\\\/vinoscantarina.es\\\/index.php\\\/cantarina-5-valdeobispo\\\/#primaryimage\"},\"thumbnailUrl\":\"https:\\\/\\\/vinoscantarina.es\\\/wp-content\\\/uploads\\\/2022\\\/02\\\/C5_2018.png\",\"datePublished\":\"2021-05-11T18:57:52+00:00\",\"dateModified\":\"2024-12-23T10:12:41+00:00\",\"breadcrumb\":{\"@id\":\"https:\\\/\\\/vinoscantarina.es\\\/index.php\\\/cantarina-5-valdeobispo\\\/#breadcrumb\"},\"inLanguage\":\"es\",\"potentialAction\":[{\"@type\":\"ReadAction\",\"target\":[\"https:\\\/\\\/vinoscantarina.es\\\/index.php\\\/cantarina-5-valdeobispo\\\/\"]}]},{\"@type\":\"ImageObject\",\"inLanguage\":\"es\",\"@id\":\"https:\\\/\\\/vinoscantarina.es\\\/index.php\\\/cantarina-5-valdeobispo\\\/#primaryimage\",\"url\":\"https:\\\/\\\/vinoscantarina.es\\\/wp-content\\\/uploads\\\/2022\\\/02\\\/C5_2018.png\",\"contentUrl\":\"https:\\\/\\\/vinoscantarina.es\\\/wp-content\\\/uploads\\\/2022\\\/02\\\/C5_2018.png\",\"width\":134,\"height\":500,\"caption\":\"Valdeobispo 2018\"},{\"@type\":\"BreadcrumbList\",\"@id\":\"https:\\\/\\\/vinoscantarina.es\\\/index.php\\\/cantarina-5-valdeobispo\\\/#breadcrumb\",\"itemListElement\":[{\"@type\":\"ListItem\",\"position\":1,\"name\":\"Portada\",\"item\":\"https:\\\/\\\/vinoscantarina.es\\\/\"},{\"@type\":\"ListItem\",\"position\":2,\"name\":\"Cantari\u00f1a 5 Valdeobispo\"}]},{\"@type\":\"WebSite\",\"@id\":\"https:\\\/\\\/vinoscantarina.es\\\/#website\",\"url\":\"https:\\\/\\\/vinoscantarina.es\\\/\",\"name\":\"Cantari\u00f1a Vinos de Familia\",\"description\":\"Vinos del Bierzo, Vinos para Disfrutar\",\"publisher\":{\"@id\":\"https:\\\/\\\/vinoscantarina.es\\\/#organization\"},\"potentialAction\":[{\"@type\":\"SearchAction\",\"target\":{\"@type\":\"EntryPoint\",\"urlTemplate\":\"https:\\\/\\\/vinoscantarina.es\\\/?s={search_term_string}\"},\"query-input\":{\"@type\":\"PropertyValueSpecification\",\"valueRequired\":true,\"valueName\":\"search_term_string\"}}],\"inLanguage\":\"es\"},{\"@type\":\"Organization\",\"@id\":\"https:\\\/\\\/vinoscantarina.es\\\/#organization\",\"name\":\"Cantari\u00f1a Vinos de Familia\",\"url\":\"https:\\\/\\\/vinoscantarina.es\\\/\",\"logo\":{\"@type\":\"ImageObject\",\"inLanguage\":\"es\",\"@id\":\"https:\\\/\\\/vinoscantarina.es\\\/#\\\/schema\\\/logo\\\/image\\\/\",\"url\":\"https:\\\/\\\/vinoscantarina.es\\\/wp-content\\\/uploads\\\/2021\\\/05\\\/cropped-Cantarina.png\",\"contentUrl\":\"https:\\\/\\\/vinoscantarina.es\\\/wp-content\\\/uploads\\\/2021\\\/05\\\/cropped-Cantarina.png\",\"width\":250,\"height\":250,\"caption\":\"Cantari\u00f1a Vinos de Familia\"},\"image\":{\"@id\":\"https:\\\/\\\/vinoscantarina.es\\\/#\\\/schema\\\/logo\\\/image\\\/\"}}]}<\/script>\n<!-- \/ Yoast SEO plugin. -->","yoast_head_json":{"title":"Cantari\u00f1a 5 Valdeobispo - Cantari\u00f1a Vinos de Familia","robots":{"index":"index","follow":"follow","max-snippet":"max-snippet:-1","max-image-preview":"max-image-preview:large","max-video-preview":"max-video-preview:-1"},"canonical":"https:\/\/vinoscantarina.es\/index.php\/cantarina-5-valdeobispo\/","og_locale":"es_ES","og_type":"article","og_title":"Cantari\u00f1a 5 Valdeobispo - Cantari\u00f1a Vinos de Familia","og_description":"Valdeobispo es una finca de casi 5 hect\u00e1reas cerca de Villafranca, en una ubicaci\u00f3n hist\u00f3ricamente privilegiada. Plantada en 1910 es sin duda una de las grandes vi\u00f1as del Bierzo y esperamos haberla representado fielmente en nuestro Cantari\u00f1a 5. Dividida en dos, la parte m\u00e1s baja con menc\u00eda y la superior con variedades blancas, son cepas &hellip; Continuar leyendo \"Cantari\u00f1a 5 Valdeobispo\"","og_url":"https:\/\/vinoscantarina.es\/index.php\/cantarina-5-valdeobispo\/","og_site_name":"Cantari\u00f1a Vinos de Familia","article_modified_time":"2024-12-23T10:12:41+00:00","og_image":[{"width":134,"height":500,"url":"https:\/\/vinoscantarina.es\/wp-content\/uploads\/2022\/02\/C5_2018.png","type":"image\/png"}],"twitter_misc":{"Tiempo de lectura":"2 minutos"},"schema":{"@context":"https:\/\/schema.org","@graph":[{"@type":"WebPage","@id":"https:\/\/vinoscantarina.es\/index.php\/cantarina-5-valdeobispo\/","url":"https:\/\/vinoscantarina.es\/index.php\/cantarina-5-valdeobispo\/","name":"Cantari\u00f1a 5 Valdeobispo - Cantari\u00f1a Vinos de Familia","isPartOf":{"@id":"https:\/\/vinoscantarina.es\/#website"},"primaryImageOfPage":{"@id":"https:\/\/vinoscantarina.es\/index.php\/cantarina-5-valdeobispo\/#primaryimage"},"image":{"@id":"https:\/\/vinoscantarina.es\/index.php\/cantarina-5-valdeobispo\/#primaryimage"},"thumbnailUrl":"https:\/\/vinoscantarina.es\/wp-content\/uploads\/2022\/02\/C5_2018.png","datePublished":"2021-05-11T18:57:52+00:00","dateModified":"2024-12-23T10:12:41+00:00","breadcrumb":{"@id":"https:\/\/vinoscantarina.es\/index.php\/cantarina-5-valdeobispo\/#breadcrumb"},"inLanguage":"es","potentialAction":[{"@type":"ReadAction","target":["https:\/\/vinoscantarina.es\/index.php\/cantarina-5-valdeobispo\/"]}]},{"@type":"ImageObject","inLanguage":"es","@id":"https:\/\/vinoscantarina.es\/index.php\/cantarina-5-valdeobispo\/#primaryimage","url":"https:\/\/vinoscantarina.es\/wp-content\/uploads\/2022\/02\/C5_2018.png","contentUrl":"https:\/\/vinoscantarina.es\/wp-content\/uploads\/2022\/02\/C5_2018.png","width":134,"height":500,"caption":"Valdeobispo 2018"},{"@type":"BreadcrumbList","@id":"https:\/\/vinoscantarina.es\/index.php\/cantarina-5-valdeobispo\/#breadcrumb","itemListElement":[{"@type":"ListItem","position":1,"name":"Portada","item":"https:\/\/vinoscantarina.es\/"},{"@type":"ListItem","position":2,"name":"Cantari\u00f1a 5 Valdeobispo"}]},{"@type":"WebSite","@id":"https:\/\/vinoscantarina.es\/#website","url":"https:\/\/vinoscantarina.es\/","name":"Cantari\u00f1a Vinos de Familia","description":"Vinos del Bierzo, Vinos para Disfrutar","publisher":{"@id":"https:\/\/vinoscantarina.es\/#organization"},"potentialAction":[{"@type":"SearchAction","target":{"@type":"EntryPoint","urlTemplate":"https:\/\/vinoscantarina.es\/?s={search_term_string}"},"query-input":{"@type":"PropertyValueSpecification","valueRequired":true,"valueName":"search_term_string"}}],"inLanguage":"es"},{"@type":"Organization","@id":"https:\/\/vinoscantarina.es\/#organization","name":"Cantari\u00f1a Vinos de Familia","url":"https:\/\/vinoscantarina.es\/","logo":{"@type":"ImageObject","inLanguage":"es","@id":"https:\/\/vinoscantarina.es\/#\/schema\/logo\/image\/","url":"https:\/\/vinoscantarina.es\/wp-content\/uploads\/2021\/05\/cropped-Cantarina.png","contentUrl":"https:\/\/vinoscantarina.es\/wp-content\/uploads\/2021\/05\/cropped-Cantarina.png","width":250,"height":250,"caption":"Cantari\u00f1a Vinos de Familia"},"image":{"@id":"https:\/\/vinoscantarina.es\/#\/schema\/logo\/image\/"}}]}},"_links":{"self":[{"href":"https:\/\/vinoscantarina.es\/index.php\/wp-json\/wp\/v2\/pages\/170","targetHints":{"allow":["GET"]}}],"collection":[{"href":"https:\/\/vinoscantarina.es\/index.php\/wp-json\/wp\/v2\/pages"}],"about":[{"href":"https:\/\/vinoscantarina.es\/index.php\/wp-json\/wp\/v2\/types\/page"}],"author":[{"embeddable":true,"href":"https:\/\/vinoscantarina.es\/index.php\/wp-json\/wp\/v2\/users\/1"}],"replies":[{"embeddable":true,"href":"https:\/\/vinoscantarina.es\/index.php\/wp-json\/wp\/v2\/comments?post=170"}],"version-history":[{"count":8,"href":"https:\/\/vinoscantarina.es\/index.php\/wp-json\/wp\/v2\/pages\/170\/revisions"}],"predecessor-version":[{"id":589,"href":"https:\/\/vinoscantarina.es\/index.php\/wp-json\/wp\/v2\/pages\/170\/revisions\/589"}],"wp:attachment":[{"href":"https:\/\/vinoscantarina.es\/index.php\/wp-json\/wp\/v2\/media?parent=170"}],"curies":[{"name":"wp","href":"https:\/\/api.w.org\/{rel}","templated":true}]}}