{"id":174,"date":"2021-05-11T18:59:23","date_gmt":"2021-05-11T18:59:23","guid":{"rendered":"https:\/\/vinoscantarina.es\/?page_id=174"},"modified":"2024-12-23T10:13:52","modified_gmt":"2024-12-23T10:13:52","slug":"la-cabeza-de-perro-mencia","status":"publish","type":"page","link":"https:\/\/vinoscantarina.es\/index.php\/la-cabeza-de-perro-mencia\/","title":{"rendered":"La Cabeza de Perro Menc\u00eda"},"content":{"rendered":"\n<div class=\"wp-block-columns is-layout-flex wp-container-core-columns-is-layout-9d6595d7 wp-block-columns-is-layout-flex\">\n<div class=\"wp-block-column is-layout-flow wp-block-column-is-layout-flow\" style=\"flex-basis:33.33%\">\n<figure class=\"wp-block-image size-full\"><img loading=\"lazy\" decoding=\"async\" width=\"134\" height=\"500\" src=\"https:\/\/vinoscantarina.es\/wp-content\/uploads\/2022\/02\/CdPM_2020.png\" alt=\"\" class=\"wp-image-408\" srcset=\"https:\/\/vinoscantarina.es\/wp-content\/uploads\/2022\/02\/CdPM_2020.png 134w, https:\/\/vinoscantarina.es\/wp-content\/uploads\/2022\/02\/CdPM_2020-80x300.png 80w\" sizes=\"auto, (max-width: 134px) 100vw, 134px\" \/><\/figure>\n<\/div>\n\n\n\n<div class=\"wp-block-column is-layout-flow wp-block-column-is-layout-flow\" style=\"flex-basis:66.66%\">\n<p class=\"has-drop-cap\" style=\"font-size:18px\"><small><small>La Cabeza de Perro es un vino para disfrutar sin contemplaciones, pensado para tenerlo en la copa el tiempo justo mientras la conversaci\u00f3n te lleva a pedir otra copa. Es un vino joven de vi\u00f1as viejas de menc\u00eda de diversas zonas del Bierzo, que casi siempre incluyen un porcentaje de variedades blancas godello, palomino y do\u00f1a blanca. Vendimiado en la primera semana de septiembre en esta a\u00f1ada, se corta la uva manualmente y se lleva en cajas de 15Kg a la bodega donde se despalilla y fermenta espont\u00e1neamente con sus levaduras aut\u00f3ctonas en un dep\u00f3sito de acero inoxidable. Despu\u00e9s del prensado descansa en el mismo dep\u00f3sito durante 8 meses para hacer la fermentaci\u00f3n malol\u00e1ctica y reposar con sus l\u00edas.  Capa oscura violeta, alegre y brillante. En nariz es un vino muy frutal y fresco, con aromas de fresas y cerezas junto a un alegre toque floral. En boca es un vino tinto muy agradable y f\u00e1cil de beber. Ideal para compartirlo con amigos en rondas de vino, fiestas y barbacoas.<\/small><\/small><\/p>\n<\/div>\n<\/div>\n\n\n<!-- Ecwid shopping cart plugin v 6.12.12 --><!--noptimize--><script type=\"text\/javascript\">if (typeof jQuery !== undefined && jQuery.mobile) { jQuery.mobile.hashListeningEnabled = false; jQuery.mobile.pushStateEnabled=false; }<\/script><!--\/noptimize--><div class=\"ecwid ecwid-SingleProduct-v2 ecwid-Product ecwid-Product-217494681 ecwid-SingleProduct-v2-centered\" itemscope itemtype=\"http:\/\/schema.org\/Product\" data-single-product-id=\"217494681\" id=\"ecwid-shopping-cart-ecwid_product-1\"><div itemtype=\"http:\/\/schema.org\/Offer\" itemscope itemprop=\"offers\"><div class=\"ecwid-productBrowser-price ecwid-price\" itemprop=\"price\"  data-spw-price-location=\"button\" content=\"8.264463\"><div itemprop=\"priceCurrency\"><\/div><\/div><\/div><div customprop=\"addtobag\"><\/div><\/div> \t\t\t<!--noptimize-->\n\t\t\t<script data-cfasync=\"false\" data-no-optimize=\"1\" type=\"text\/javascript\">\n\t\t\twindow._xnext_initialization_scripts = window._xnext_initialization_scripts || [];\n\t\t\twindow._xnext_initialization_scripts.push({widgetType: 'Product', id: 'ecwid-shopping-cart-ecwid_product-1', arg: [\"display= price addtobag\",\"link=yes\",\"version=2\",\"show_border=\",\"show_price_on_button=1\",\"center_align=1\"]});\n\t\t\t<\/script>\n\t\t\t<!--\/noptimize-->\n\t\t\t<!-- END Ecwid Shopping Cart v 6.12.12 -->","protected":false},"excerpt":{"rendered":"<p>La Cabeza de Perro es un vino para disfrutar sin contemplaciones, pensado para tenerlo en la copa el tiempo justo mientras la conversaci\u00f3n te lleva a pedir otra copa. Es un vino joven de vi\u00f1as viejas de menc\u00eda de diversas zonas del Bierzo, que casi siempre incluyen un porcentaje de variedades blancas godello, palomino y &hellip; <\/p>\n<p class=\"link-more\"><a href=\"https:\/\/vinoscantarina.es\/index.php\/la-cabeza-de-perro-mencia\/\" class=\"more-link\">Continuar leyendo<span class=\"screen-reader-text\"> \u00abLa Cabeza de Perro Menc\u00eda\u00bb<\/span><\/a><\/p>\n","protected":false},"author":1,"featured_media":0,"parent":0,"menu_order":0,"comment_status":"closed","ping_status":"closed","template":"","meta":{"footnotes":""},"class_list":["post-174","page","type-page","status-publish","hentry"],"yoast_head":"<!-- This site is optimized with the Yoast SEO plugin v27.4 - https:\/\/yoast.com\/product\/yoast-seo-wordpress\/ -->\n<title>La Cabeza de Perro Menc\u00eda - Cantari\u00f1a Vinos de Familia<\/title>\n<meta name=\"robots\" content=\"index, follow, max-snippet:-1, max-image-preview:large, max-video-preview:-1\" \/>\n<link rel=\"canonical\" href=\"https:\/\/vinoscantarina.es\/index.php\/la-cabeza-de-perro-mencia\/\" \/>\n<meta property=\"og:locale\" content=\"es_ES\" \/>\n<meta property=\"og:type\" content=\"article\" \/>\n<meta property=\"og:title\" content=\"La Cabeza de Perro Menc\u00eda - Cantari\u00f1a Vinos de Familia\" \/>\n<meta property=\"og:description\" content=\"La Cabeza de Perro es un vino para disfrutar sin contemplaciones, pensado para tenerlo en la copa el tiempo justo mientras la conversaci\u00f3n te lleva a pedir otra copa. Es un vino joven de vi\u00f1as viejas de menc\u00eda de diversas zonas del Bierzo, que casi siempre incluyen un porcentaje de variedades blancas godello, palomino y &hellip; Continuar leyendo &quot;La Cabeza de Perro Menc\u00eda&quot;\" \/>\n<meta property=\"og:url\" content=\"https:\/\/vinoscantarina.es\/index.php\/la-cabeza-de-perro-mencia\/\" \/>\n<meta property=\"og:site_name\" content=\"Cantari\u00f1a Vinos de Familia\" \/>\n<meta property=\"article:modified_time\" content=\"2024-12-23T10:13:52+00:00\" \/>\n<meta property=\"og:image\" content=\"https:\/\/vinoscantarina.es\/wp-content\/uploads\/2022\/02\/CdPM_2020.png\" \/>\n\t<meta property=\"og:image:width\" content=\"134\" \/>\n\t<meta property=\"og:image:height\" content=\"500\" \/>\n\t<meta property=\"og:image:type\" content=\"image\/png\" \/>\n<meta name=\"twitter:label1\" content=\"Tiempo de lectura\" \/>\n\t<meta name=\"twitter:data1\" content=\"1 minuto\" \/>\n<script type=\"application\/ld+json\" class=\"yoast-schema-graph\">{\"@context\":\"https:\\\/\\\/schema.org\",\"@graph\":[{\"@type\":\"WebPage\",\"@id\":\"https:\\\/\\\/vinoscantarina.es\\\/index.php\\\/la-cabeza-de-perro-mencia\\\/\",\"url\":\"https:\\\/\\\/vinoscantarina.es\\\/index.php\\\/la-cabeza-de-perro-mencia\\\/\",\"name\":\"La Cabeza de Perro Menc\u00eda - Cantari\u00f1a Vinos de Familia\",\"isPartOf\":{\"@id\":\"https:\\\/\\\/vinoscantarina.es\\\/#website\"},\"primaryImageOfPage\":{\"@id\":\"https:\\\/\\\/vinoscantarina.es\\\/index.php\\\/la-cabeza-de-perro-mencia\\\/#primaryimage\"},\"image\":{\"@id\":\"https:\\\/\\\/vinoscantarina.es\\\/index.php\\\/la-cabeza-de-perro-mencia\\\/#primaryimage\"},\"thumbnailUrl\":\"https:\\\/\\\/vinoscantarina.es\\\/wp-content\\\/uploads\\\/2022\\\/02\\\/CdPM_2020.png\",\"datePublished\":\"2021-05-11T18:59:23+00:00\",\"dateModified\":\"2024-12-23T10:13:52+00:00\",\"breadcrumb\":{\"@id\":\"https:\\\/\\\/vinoscantarina.es\\\/index.php\\\/la-cabeza-de-perro-mencia\\\/#breadcrumb\"},\"inLanguage\":\"es\",\"potentialAction\":[{\"@type\":\"ReadAction\",\"target\":[\"https:\\\/\\\/vinoscantarina.es\\\/index.php\\\/la-cabeza-de-perro-mencia\\\/\"]}]},{\"@type\":\"ImageObject\",\"inLanguage\":\"es\",\"@id\":\"https:\\\/\\\/vinoscantarina.es\\\/index.php\\\/la-cabeza-de-perro-mencia\\\/#primaryimage\",\"url\":\"https:\\\/\\\/vinoscantarina.es\\\/wp-content\\\/uploads\\\/2022\\\/02\\\/CdPM_2020.png\",\"contentUrl\":\"https:\\\/\\\/vinoscantarina.es\\\/wp-content\\\/uploads\\\/2022\\\/02\\\/CdPM_2020.png\",\"width\":134,\"height\":500},{\"@type\":\"BreadcrumbList\",\"@id\":\"https:\\\/\\\/vinoscantarina.es\\\/index.php\\\/la-cabeza-de-perro-mencia\\\/#breadcrumb\",\"itemListElement\":[{\"@type\":\"ListItem\",\"position\":1,\"name\":\"Portada\",\"item\":\"https:\\\/\\\/vinoscantarina.es\\\/\"},{\"@type\":\"ListItem\",\"position\":2,\"name\":\"La Cabeza de Perro Menc\u00eda\"}]},{\"@type\":\"WebSite\",\"@id\":\"https:\\\/\\\/vinoscantarina.es\\\/#website\",\"url\":\"https:\\\/\\\/vinoscantarina.es\\\/\",\"name\":\"Cantari\u00f1a Vinos de Familia\",\"description\":\"Vinos del Bierzo, Vinos para Disfrutar\",\"publisher\":{\"@id\":\"https:\\\/\\\/vinoscantarina.es\\\/#organization\"},\"potentialAction\":[{\"@type\":\"SearchAction\",\"target\":{\"@type\":\"EntryPoint\",\"urlTemplate\":\"https:\\\/\\\/vinoscantarina.es\\\/?s={search_term_string}\"},\"query-input\":{\"@type\":\"PropertyValueSpecification\",\"valueRequired\":true,\"valueName\":\"search_term_string\"}}],\"inLanguage\":\"es\"},{\"@type\":\"Organization\",\"@id\":\"https:\\\/\\\/vinoscantarina.es\\\/#organization\",\"name\":\"Cantari\u00f1a Vinos de Familia\",\"url\":\"https:\\\/\\\/vinoscantarina.es\\\/\",\"logo\":{\"@type\":\"ImageObject\",\"inLanguage\":\"es\",\"@id\":\"https:\\\/\\\/vinoscantarina.es\\\/#\\\/schema\\\/logo\\\/image\\\/\",\"url\":\"https:\\\/\\\/vinoscantarina.es\\\/wp-content\\\/uploads\\\/2021\\\/05\\\/cropped-Cantarina.png\",\"contentUrl\":\"https:\\\/\\\/vinoscantarina.es\\\/wp-content\\\/uploads\\\/2021\\\/05\\\/cropped-Cantarina.png\",\"width\":250,\"height\":250,\"caption\":\"Cantari\u00f1a Vinos de Familia\"},\"image\":{\"@id\":\"https:\\\/\\\/vinoscantarina.es\\\/#\\\/schema\\\/logo\\\/image\\\/\"}}]}<\/script>\n<!-- \/ Yoast SEO plugin. -->","yoast_head_json":{"title":"La Cabeza de Perro Menc\u00eda - Cantari\u00f1a Vinos de Familia","robots":{"index":"index","follow":"follow","max-snippet":"max-snippet:-1","max-image-preview":"max-image-preview:large","max-video-preview":"max-video-preview:-1"},"canonical":"https:\/\/vinoscantarina.es\/index.php\/la-cabeza-de-perro-mencia\/","og_locale":"es_ES","og_type":"article","og_title":"La Cabeza de Perro Menc\u00eda - Cantari\u00f1a Vinos de Familia","og_description":"La Cabeza de Perro es un vino para disfrutar sin contemplaciones, pensado para tenerlo en la copa el tiempo justo mientras la conversaci\u00f3n te lleva a pedir otra copa. Es un vino joven de vi\u00f1as viejas de menc\u00eda de diversas zonas del Bierzo, que casi siempre incluyen un porcentaje de variedades blancas godello, palomino y &hellip; Continuar leyendo \"La Cabeza de Perro Menc\u00eda\"","og_url":"https:\/\/vinoscantarina.es\/index.php\/la-cabeza-de-perro-mencia\/","og_site_name":"Cantari\u00f1a Vinos de Familia","article_modified_time":"2024-12-23T10:13:52+00:00","og_image":[{"width":134,"height":500,"url":"https:\/\/vinoscantarina.es\/wp-content\/uploads\/2022\/02\/CdPM_2020.png","type":"image\/png"}],"twitter_misc":{"Tiempo de lectura":"1 minuto"},"schema":{"@context":"https:\/\/schema.org","@graph":[{"@type":"WebPage","@id":"https:\/\/vinoscantarina.es\/index.php\/la-cabeza-de-perro-mencia\/","url":"https:\/\/vinoscantarina.es\/index.php\/la-cabeza-de-perro-mencia\/","name":"La Cabeza de Perro Menc\u00eda - Cantari\u00f1a Vinos de Familia","isPartOf":{"@id":"https:\/\/vinoscantarina.es\/#website"},"primaryImageOfPage":{"@id":"https:\/\/vinoscantarina.es\/index.php\/la-cabeza-de-perro-mencia\/#primaryimage"},"image":{"@id":"https:\/\/vinoscantarina.es\/index.php\/la-cabeza-de-perro-mencia\/#primaryimage"},"thumbnailUrl":"https:\/\/vinoscantarina.es\/wp-content\/uploads\/2022\/02\/CdPM_2020.png","datePublished":"2021-05-11T18:59:23+00:00","dateModified":"2024-12-23T10:13:52+00:00","breadcrumb":{"@id":"https:\/\/vinoscantarina.es\/index.php\/la-cabeza-de-perro-mencia\/#breadcrumb"},"inLanguage":"es","potentialAction":[{"@type":"ReadAction","target":["https:\/\/vinoscantarina.es\/index.php\/la-cabeza-de-perro-mencia\/"]}]},{"@type":"ImageObject","inLanguage":"es","@id":"https:\/\/vinoscantarina.es\/index.php\/la-cabeza-de-perro-mencia\/#primaryimage","url":"https:\/\/vinoscantarina.es\/wp-content\/uploads\/2022\/02\/CdPM_2020.png","contentUrl":"https:\/\/vinoscantarina.es\/wp-content\/uploads\/2022\/02\/CdPM_2020.png","width":134,"height":500},{"@type":"BreadcrumbList","@id":"https:\/\/vinoscantarina.es\/index.php\/la-cabeza-de-perro-mencia\/#breadcrumb","itemListElement":[{"@type":"ListItem","position":1,"name":"Portada","item":"https:\/\/vinoscantarina.es\/"},{"@type":"ListItem","position":2,"name":"La Cabeza de Perro Menc\u00eda"}]},{"@type":"WebSite","@id":"https:\/\/vinoscantarina.es\/#website","url":"https:\/\/vinoscantarina.es\/","name":"Cantari\u00f1a Vinos de Familia","description":"Vinos del Bierzo, Vinos para Disfrutar","publisher":{"@id":"https:\/\/vinoscantarina.es\/#organization"},"potentialAction":[{"@type":"SearchAction","target":{"@type":"EntryPoint","urlTemplate":"https:\/\/vinoscantarina.es\/?s={search_term_string}"},"query-input":{"@type":"PropertyValueSpecification","valueRequired":true,"valueName":"search_term_string"}}],"inLanguage":"es"},{"@type":"Organization","@id":"https:\/\/vinoscantarina.es\/#organization","name":"Cantari\u00f1a Vinos de Familia","url":"https:\/\/vinoscantarina.es\/","logo":{"@type":"ImageObject","inLanguage":"es","@id":"https:\/\/vinoscantarina.es\/#\/schema\/logo\/image\/","url":"https:\/\/vinoscantarina.es\/wp-content\/uploads\/2021\/05\/cropped-Cantarina.png","contentUrl":"https:\/\/vinoscantarina.es\/wp-content\/uploads\/2021\/05\/cropped-Cantarina.png","width":250,"height":250,"caption":"Cantari\u00f1a Vinos de Familia"},"image":{"@id":"https:\/\/vinoscantarina.es\/#\/schema\/logo\/image\/"}}]}},"_links":{"self":[{"href":"https:\/\/vinoscantarina.es\/index.php\/wp-json\/wp\/v2\/pages\/174","targetHints":{"allow":["GET"]}}],"collection":[{"href":"https:\/\/vinoscantarina.es\/index.php\/wp-json\/wp\/v2\/pages"}],"about":[{"href":"https:\/\/vinoscantarina.es\/index.php\/wp-json\/wp\/v2\/types\/page"}],"author":[{"embeddable":true,"href":"https:\/\/vinoscantarina.es\/index.php\/wp-json\/wp\/v2\/users\/1"}],"replies":[{"embeddable":true,"href":"https:\/\/vinoscantarina.es\/index.php\/wp-json\/wp\/v2\/comments?post=174"}],"version-history":[{"count":7,"href":"https:\/\/vinoscantarina.es\/index.php\/wp-json\/wp\/v2\/pages\/174\/revisions"}],"predecessor-version":[{"id":595,"href":"https:\/\/vinoscantarina.es\/index.php\/wp-json\/wp\/v2\/pages\/174\/revisions\/595"}],"wp:attachment":[{"href":"https:\/\/vinoscantarina.es\/index.php\/wp-json\/wp\/v2\/media?parent=174"}],"curies":[{"name":"wp","href":"https:\/\/api.w.org\/{rel}","templated":true}]}}