{"id":20,"date":"2021-05-10T08:30:19","date_gmt":"2021-05-10T08:30:19","guid":{"rendered":"https:\/\/vinoscantarina.es\/?page_id=20"},"modified":"2022-11-30T11:32:16","modified_gmt":"2022-11-30T11:32:16","slug":"cantarina-vinos-de-familia","status":"publish","type":"page","link":"https:\/\/vinoscantarina.es\/","title":{"rendered":"Inicio"},"content":{"rendered":"\n<p class=\"has-drop-cap\">Cantari\u00f1a Vinos de Familia nace de la ilusi\u00f3n de unos hermanos por recuperar una actividad que su familia hab\u00eda abandonado hac\u00eda d\u00e9cadas pero de la que a\u00fan se conservaban dos joyas: Los Pinos y Valdeobispo. Con el fruto de estas dos vi\u00f1as situadas en Villafranca del Bierzo los hermanos Ysart Alvarez de Toledo queremos retomar la viticultura y la elaboraci\u00f3n del buen <a href=\"https:\/\/vinoscantarina.es\/index.php\/nuestros-vinos\/\">vino<\/a> en <a href=\"http:\/\/www.crdobierzo.es\/es\/\">El Bierzo<\/a>.<\/p>\n\n\n<div class=\"wp-block-image is-style-rounded\">\n<figure class=\"aligncenter size-large is-resized\"><img loading=\"lazy\" decoding=\"async\" src=\"https:\/\/vinoscantarina.es\/wp-content\/uploads\/2021\/05\/Mencia.jpg\" alt=\"Cantari\u00f1a Vinos de Familia, menc\u00eda de vi\u00f1as centenarias en El Bierzo\" class=\"wp-image-271\" width=\"408\" height=\"305\" srcset=\"https:\/\/vinoscantarina.es\/wp-content\/uploads\/2021\/05\/Mencia.jpg 960w, https:\/\/vinoscantarina.es\/wp-content\/uploads\/2021\/05\/Mencia-300x225.jpg 300w, https:\/\/vinoscantarina.es\/wp-content\/uploads\/2021\/05\/Mencia-768x576.jpg 768w\" sizes=\"auto, (max-width: 408px) 100vw, 408px\" \/><figcaption class=\"wp-element-caption\">Vi\u00f1as centenarias en Villafranca del Bierzo<\/figcaption><\/figure>\n<\/div>\n\n\n<p>Cantari\u00f1a tiene una clara vocaci\u00f3n de innovaci\u00f3n. Nada hay hoy m\u00e1s actual en el panorama vit\u00edcola espa\u00f1ol que la recuperaci\u00f3n del terru\u00f1o y el respeto a la naturaleza en la elaboraci\u00f3n de vinos para hacer disfrutar y transmitir lo que la tierra nos ofrece. Lemas como \u00abEl Futuro es el Pasado\u00bb y movimientos como Artisan Wine Attraction nos empujan a defender nuestros <a href=\"https:\/\/vinoscantarina.es\/index.php\/sobre-nosotros\/\">valores<\/a>.<\/p>\n\n\n\n<p>El proyecto comenz\u00f3 elaborando en 2015 nuestro primer vino de Garnacha Tintorera (Alicante Bouschet). Apenas 900 botellas que nos decidimos elaborar como monovarietal. En 2016 nos atrevimos tambi\u00e9n con una peque\u00f1a parcela de Menc\u00eda que mimamos para obtener nuestro primer vino de la variedad reina del Bierzo\u2026 y que nos decidi\u00f3 a dar el salto.<\/p>\n\n\n\n<p>Animados por la calidad de esos dos terru\u00f1os, nos embarcamos en la recuperaci\u00f3n de las dos vi\u00f1as hasta ese momento arrendadas a una de las bodegas de referencia de la zona. Se acometi\u00f3 la plantaci\u00f3n de una hect\u00e1rea abandonada en la <a href=\"https:\/\/vinoscantarina.es\/index.php\/cantarina-2-vina-de-los-pinos-mencia-bierzo\/\"><strong>Vi\u00f1a de Los Pinos<\/strong><\/a> con castas locales (merenzao y godello) y se inici\u00f3 la recuperaci\u00f3n del todo el resto de Los Pinos en 2017 y <strong><a href=\"https:\/\/vinoscantarina.es\/index.php\/cantarina-5-valdeobispo-2018\/\">Valdeobispo<\/a><\/strong> en el 2018, junto con <strong><a href=\"https:\/\/vinoscantarina.es\/index.php\/la-cabeza-de-perro-rosado-2021\/\">El Cotelo<\/a><\/strong> que llevaba abandonada m\u00e1s de 20 a\u00f1os\u2026 y as\u00ed paso a paso hasta hoy. <\/p>\n\n\n\n<p>Nuestra \u00faltima adquisici\u00f3n son dos vi\u00f1as en suelos de pizarra en Corull\u00f3n que completan la paleta de menc\u00eda en el Bierzo expres\u00e1ndose en el vino de paraje <a href=\"https:\/\/vinoscantarina.es\/index.php\/cantarina-7-a-freita-2021\/\"><strong>A Freita<\/strong><\/a>.<\/p>\n\n\n\n<p>An\u00edmate a conocer nuestros vinos y nuestras vi\u00f1as haciendo enoturismo en El Bierzo con nosotros.<\/p>\n\n\n\n<p class=\"has-vivid-red-color has-text-color\"><strong>Cantari\u00f1a Vinos de Familia, Vinos para Disfrutar.<\/strong><\/p>\n\n\n\n<p><\/p>\n","protected":false},"excerpt":{"rendered":"<p>Cantari\u00f1a Vinos de Familia nace de la ilusi\u00f3n de unos hermanos por recuperar una actividad que su familia hab\u00eda abandonado hac\u00eda d\u00e9cadas pero de la que a\u00fan se conservaban dos joyas: Los Pinos y Valdeobispo. Con el fruto de estas dos vi\u00f1as situadas en Villafranca del Bierzo los hermanos Ysart Alvarez de Toledo queremos retomar &hellip; <\/p>\n<p class=\"link-more\"><a href=\"https:\/\/vinoscantarina.es\/\" class=\"more-link\">Continuar leyendo<span class=\"screen-reader-text\"> \u00abInicio\u00bb<\/span><\/a><\/p>\n","protected":false},"author":1,"featured_media":0,"parent":0,"menu_order":0,"comment_status":"closed","ping_status":"closed","template":"","meta":{"footnotes":""},"class_list":["post-20","page","type-page","status-publish","hentry"],"yoast_head":"<!-- This site is optimized with the Yoast SEO plugin v27.3 - https:\/\/yoast.com\/product\/yoast-seo-wordpress\/ -->\n<title>Cantari\u00f1a Vinos de Familia - Vinos DO Bierzo, Vinos para Disfrutar<\/title>\n<meta name=\"description\" content=\"Cantari\u00f1a Vinos de Familia, Vinos para Disfrutar DO Bierzo menc\u00eda variedades locales cultivo ecol\u00f3gico de vi\u00f1as centenarias en Villafranca\" \/>\n<meta name=\"robots\" content=\"index, follow, max-snippet:-1, max-image-preview:large, max-video-preview:-1\" \/>\n<link rel=\"canonical\" href=\"https:\/\/vinoscantarina.es\/\" \/>\n<meta property=\"og:locale\" content=\"es_ES\" \/>\n<meta property=\"og:type\" content=\"article\" \/>\n<meta property=\"og:title\" content=\"Cantari\u00f1a Vinos de Familia - Vinos DO Bierzo, Vinos para Disfrutar\" \/>\n<meta property=\"og:description\" content=\"Cantari\u00f1a Vinos de Familia, Vinos para Disfrutar DO Bierzo menc\u00eda variedades locales cultivo ecol\u00f3gico de vi\u00f1as centenarias en Villafranca\" \/>\n<meta property=\"og:url\" content=\"https:\/\/vinoscantarina.es\/\" \/>\n<meta property=\"og:site_name\" content=\"Cantari\u00f1a Vinos de Familia\" \/>\n<meta property=\"article:modified_time\" content=\"2022-11-30T11:32:16+00:00\" \/>\n<meta property=\"og:image\" content=\"https:\/\/vinoscantarina.es\/wp-content\/uploads\/2021\/05\/Mencia.jpg\" \/>\n<meta name=\"twitter:label1\" content=\"Tiempo de lectura\" \/>\n\t<meta name=\"twitter:data1\" content=\"2 minutos\" \/>\n<script type=\"application\/ld+json\" class=\"yoast-schema-graph\">{\"@context\":\"https:\\\/\\\/schema.org\",\"@graph\":[{\"@type\":\"WebPage\",\"@id\":\"https:\\\/\\\/vinoscantarina.es\\\/\",\"url\":\"https:\\\/\\\/vinoscantarina.es\\\/\",\"name\":\"Cantari\u00f1a Vinos de Familia - Vinos DO Bierzo, Vinos para Disfrutar\",\"isPartOf\":{\"@id\":\"https:\\\/\\\/vinoscantarina.es\\\/#website\"},\"primaryImageOfPage\":{\"@id\":\"https:\\\/\\\/vinoscantarina.es\\\/#primaryimage\"},\"image\":{\"@id\":\"https:\\\/\\\/vinoscantarina.es\\\/#primaryimage\"},\"thumbnailUrl\":\"https:\\\/\\\/vinoscantarina.es\\\/wp-content\\\/uploads\\\/2021\\\/05\\\/Mencia.jpg\",\"datePublished\":\"2021-05-10T08:30:19+00:00\",\"dateModified\":\"2022-11-30T11:32:16+00:00\",\"description\":\"Cantari\u00f1a Vinos de Familia, Vinos para Disfrutar DO Bierzo menc\u00eda variedades locales cultivo ecol\u00f3gico de vi\u00f1as centenarias en Villafranca\",\"breadcrumb\":{\"@id\":\"https:\\\/\\\/vinoscantarina.es\\\/#breadcrumb\"},\"inLanguage\":\"es\",\"potentialAction\":[{\"@type\":\"ReadAction\",\"target\":[\"https:\\\/\\\/vinoscantarina.es\\\/\"]}]},{\"@type\":\"ImageObject\",\"inLanguage\":\"es\",\"@id\":\"https:\\\/\\\/vinoscantarina.es\\\/#primaryimage\",\"url\":\"https:\\\/\\\/vinoscantarina.es\\\/wp-content\\\/uploads\\\/2021\\\/05\\\/Mencia.jpg\",\"contentUrl\":\"https:\\\/\\\/vinoscantarina.es\\\/wp-content\\\/uploads\\\/2021\\\/05\\\/Mencia.jpg\",\"width\":960,\"height\":720},{\"@type\":\"BreadcrumbList\",\"@id\":\"https:\\\/\\\/vinoscantarina.es\\\/#breadcrumb\",\"itemListElement\":[{\"@type\":\"ListItem\",\"position\":1,\"name\":\"Portada\",\"item\":\"https:\\\/\\\/vinoscantarina.es\\\/\"},{\"@type\":\"ListItem\",\"position\":2,\"name\":\"Inicio\"}]},{\"@type\":\"WebSite\",\"@id\":\"https:\\\/\\\/vinoscantarina.es\\\/#website\",\"url\":\"https:\\\/\\\/vinoscantarina.es\\\/\",\"name\":\"Cantari\u00f1a Vinos de Familia\",\"description\":\"Vinos del Bierzo, Vinos para Disfrutar\",\"publisher\":{\"@id\":\"https:\\\/\\\/vinoscantarina.es\\\/#organization\"},\"potentialAction\":[{\"@type\":\"SearchAction\",\"target\":{\"@type\":\"EntryPoint\",\"urlTemplate\":\"https:\\\/\\\/vinoscantarina.es\\\/?s={search_term_string}\"},\"query-input\":{\"@type\":\"PropertyValueSpecification\",\"valueRequired\":true,\"valueName\":\"search_term_string\"}}],\"inLanguage\":\"es\"},{\"@type\":\"Organization\",\"@id\":\"https:\\\/\\\/vinoscantarina.es\\\/#organization\",\"name\":\"Cantari\u00f1a Vinos de Familia\",\"url\":\"https:\\\/\\\/vinoscantarina.es\\\/\",\"logo\":{\"@type\":\"ImageObject\",\"inLanguage\":\"es\",\"@id\":\"https:\\\/\\\/vinoscantarina.es\\\/#\\\/schema\\\/logo\\\/image\\\/\",\"url\":\"https:\\\/\\\/vinoscantarina.es\\\/wp-content\\\/uploads\\\/2021\\\/05\\\/cropped-Cantarina.png\",\"contentUrl\":\"https:\\\/\\\/vinoscantarina.es\\\/wp-content\\\/uploads\\\/2021\\\/05\\\/cropped-Cantarina.png\",\"width\":250,\"height\":250,\"caption\":\"Cantari\u00f1a Vinos de Familia\"},\"image\":{\"@id\":\"https:\\\/\\\/vinoscantarina.es\\\/#\\\/schema\\\/logo\\\/image\\\/\"}}]}<\/script>\n<!-- \/ Yoast SEO plugin. -->","yoast_head_json":{"title":"Cantari\u00f1a Vinos de Familia - Vinos DO Bierzo, Vinos para Disfrutar","description":"Cantari\u00f1a Vinos de Familia, Vinos para Disfrutar DO Bierzo menc\u00eda variedades locales cultivo ecol\u00f3gico de vi\u00f1as centenarias en Villafranca","robots":{"index":"index","follow":"follow","max-snippet":"max-snippet:-1","max-image-preview":"max-image-preview:large","max-video-preview":"max-video-preview:-1"},"canonical":"https:\/\/vinoscantarina.es\/","og_locale":"es_ES","og_type":"article","og_title":"Cantari\u00f1a Vinos de Familia - Vinos DO Bierzo, Vinos para Disfrutar","og_description":"Cantari\u00f1a Vinos de Familia, Vinos para Disfrutar DO Bierzo menc\u00eda variedades locales cultivo ecol\u00f3gico de vi\u00f1as centenarias en Villafranca","og_url":"https:\/\/vinoscantarina.es\/","og_site_name":"Cantari\u00f1a Vinos de Familia","article_modified_time":"2022-11-30T11:32:16+00:00","og_image":[{"url":"https:\/\/vinoscantarina.es\/wp-content\/uploads\/2021\/05\/Mencia.jpg","type":"","width":"","height":""}],"twitter_misc":{"Tiempo de lectura":"2 minutos"},"schema":{"@context":"https:\/\/schema.org","@graph":[{"@type":"WebPage","@id":"https:\/\/vinoscantarina.es\/","url":"https:\/\/vinoscantarina.es\/","name":"Cantari\u00f1a Vinos de Familia - Vinos DO Bierzo, Vinos para Disfrutar","isPartOf":{"@id":"https:\/\/vinoscantarina.es\/#website"},"primaryImageOfPage":{"@id":"https:\/\/vinoscantarina.es\/#primaryimage"},"image":{"@id":"https:\/\/vinoscantarina.es\/#primaryimage"},"thumbnailUrl":"https:\/\/vinoscantarina.es\/wp-content\/uploads\/2021\/05\/Mencia.jpg","datePublished":"2021-05-10T08:30:19+00:00","dateModified":"2022-11-30T11:32:16+00:00","description":"Cantari\u00f1a Vinos de Familia, Vinos para Disfrutar DO Bierzo menc\u00eda variedades locales cultivo ecol\u00f3gico de vi\u00f1as centenarias en Villafranca","breadcrumb":{"@id":"https:\/\/vinoscantarina.es\/#breadcrumb"},"inLanguage":"es","potentialAction":[{"@type":"ReadAction","target":["https:\/\/vinoscantarina.es\/"]}]},{"@type":"ImageObject","inLanguage":"es","@id":"https:\/\/vinoscantarina.es\/#primaryimage","url":"https:\/\/vinoscantarina.es\/wp-content\/uploads\/2021\/05\/Mencia.jpg","contentUrl":"https:\/\/vinoscantarina.es\/wp-content\/uploads\/2021\/05\/Mencia.jpg","width":960,"height":720},{"@type":"BreadcrumbList","@id":"https:\/\/vinoscantarina.es\/#breadcrumb","itemListElement":[{"@type":"ListItem","position":1,"name":"Portada","item":"https:\/\/vinoscantarina.es\/"},{"@type":"ListItem","position":2,"name":"Inicio"}]},{"@type":"WebSite","@id":"https:\/\/vinoscantarina.es\/#website","url":"https:\/\/vinoscantarina.es\/","name":"Cantari\u00f1a Vinos de Familia","description":"Vinos del Bierzo, Vinos para Disfrutar","publisher":{"@id":"https:\/\/vinoscantarina.es\/#organization"},"potentialAction":[{"@type":"SearchAction","target":{"@type":"EntryPoint","urlTemplate":"https:\/\/vinoscantarina.es\/?s={search_term_string}"},"query-input":{"@type":"PropertyValueSpecification","valueRequired":true,"valueName":"search_term_string"}}],"inLanguage":"es"},{"@type":"Organization","@id":"https:\/\/vinoscantarina.es\/#organization","name":"Cantari\u00f1a Vinos de Familia","url":"https:\/\/vinoscantarina.es\/","logo":{"@type":"ImageObject","inLanguage":"es","@id":"https:\/\/vinoscantarina.es\/#\/schema\/logo\/image\/","url":"https:\/\/vinoscantarina.es\/wp-content\/uploads\/2021\/05\/cropped-Cantarina.png","contentUrl":"https:\/\/vinoscantarina.es\/wp-content\/uploads\/2021\/05\/cropped-Cantarina.png","width":250,"height":250,"caption":"Cantari\u00f1a Vinos de Familia"},"image":{"@id":"https:\/\/vinoscantarina.es\/#\/schema\/logo\/image\/"}}]}},"_links":{"self":[{"href":"https:\/\/vinoscantarina.es\/index.php\/wp-json\/wp\/v2\/pages\/20","targetHints":{"allow":["GET"]}}],"collection":[{"href":"https:\/\/vinoscantarina.es\/index.php\/wp-json\/wp\/v2\/pages"}],"about":[{"href":"https:\/\/vinoscantarina.es\/index.php\/wp-json\/wp\/v2\/types\/page"}],"author":[{"embeddable":true,"href":"https:\/\/vinoscantarina.es\/index.php\/wp-json\/wp\/v2\/users\/1"}],"replies":[{"embeddable":true,"href":"https:\/\/vinoscantarina.es\/index.php\/wp-json\/wp\/v2\/comments?post=20"}],"version-history":[{"count":13,"href":"https:\/\/vinoscantarina.es\/index.php\/wp-json\/wp\/v2\/pages\/20\/revisions"}],"predecessor-version":[{"id":477,"href":"https:\/\/vinoscantarina.es\/index.php\/wp-json\/wp\/v2\/pages\/20\/revisions\/477"}],"wp:attachment":[{"href":"https:\/\/vinoscantarina.es\/index.php\/wp-json\/wp\/v2\/media?parent=20"}],"curies":[{"name":"wp","href":"https:\/\/api.w.org\/{rel}","templated":true}]}}