{"id":456,"date":"2022-11-30T10:11:38","date_gmt":"2022-11-30T10:11:38","guid":{"rendered":"https:\/\/vinoscantarina.es\/?page_id=456"},"modified":"2025-12-09T13:40:20","modified_gmt":"2025-12-09T13:40:20","slug":"cantarina-7-a-freita","status":"publish","type":"page","link":"https:\/\/vinoscantarina.es\/index.php\/cantarina-7-a-freita\/","title":{"rendered":"Cantari\u00f1a 7 A Freita"},"content":{"rendered":"\n<div class=\"wp-block-columns is-layout-flex wp-container-core-columns-is-layout-9d6595d7 wp-block-columns-is-layout-flex\">\n<div class=\"wp-block-column is-layout-flow wp-block-column-is-layout-flow\" style=\"flex-basis:33.33%\">\n<figure class=\"wp-block-image size-full is-resized\"><img loading=\"lazy\" decoding=\"async\" width=\"727\" height=\"2560\" src=\"https:\/\/vinoscantarina.es\/wp-content\/uploads\/2025\/01\/7-Cantarina-A-Freita_cut-scaled.jpg\" alt=\"\" class=\"wp-image-622\" style=\"width:114px;height:auto\" srcset=\"https:\/\/vinoscantarina.es\/wp-content\/uploads\/2025\/01\/7-Cantarina-A-Freita_cut-scaled.jpg 727w, https:\/\/vinoscantarina.es\/wp-content\/uploads\/2025\/01\/7-Cantarina-A-Freita_cut-85x300.jpg 85w, https:\/\/vinoscantarina.es\/wp-content\/uploads\/2025\/01\/7-Cantarina-A-Freita_cut-291x1024.jpg 291w, https:\/\/vinoscantarina.es\/wp-content\/uploads\/2025\/01\/7-Cantarina-A-Freita_cut-436x1536.jpg 436w\" sizes=\"auto, (max-width: 727px) 100vw, 727px\" \/><\/figure>\n<\/div>\n\n\n\n<div class=\"wp-block-column is-layout-flow wp-block-column-is-layout-flow\" style=\"flex-basis:66.66%\">\n<p>Nuestro \u00faltimo proyecto radica en las escarpadas laderas del ca\u00f1\u00f3n del r\u00edo Burbia entre Corull\u00f3n y Otero. Pendientes de hasta el 66% y suelos de pizarra y cuarcita en la zona de viticultura heroica del Bierzo por excelencia\u2026 nuestras vi\u00f1as del paraje A Freita suponen un desaf\u00edo en su viticultura, pero tambi\u00e9n un sentimiento puro y el compromiso de seguir cultivando vi\u00f1as centenarias que recogen la tradici\u00f3n de esta zona del Bierzo.<\/p>\n\n\n\n<p>Este vino, mezcla varietal en co-plantaci\u00f3n de menc\u00eda,  palomino y merenzao registradas en 1910, desaf\u00eda las condiciones m\u00e1s exigentes para expresar con su mineralidad y ligereza la m\u00e1s elegante combinaci\u00f3n de variedades del terru\u00f1o berciano.<\/p>\n<\/div>\n<\/div>\n\n\n<!-- Ecwid shopping cart plugin v 6.12.12 --><!--noptimize--><script type=\"text\/javascript\">if (typeof jQuery !== undefined && jQuery.mobile) { jQuery.mobile.hashListeningEnabled = false; jQuery.mobile.pushStateEnabled=false; }<\/script><!--\/noptimize--><div class=\"ecwid ecwid-SingleProduct-v2 ecwid-Product ecwid-Product-356133049 ecwid-SingleProduct-v2-centered\" itemscope itemtype=\"http:\/\/schema.org\/Product\" data-single-product-id=\"356133049\" id=\"ecwid-shopping-cart-ecwid_product-1\"><div itemtype=\"http:\/\/schema.org\/Offer\" itemscope itemprop=\"offers\"><div class=\"ecwid-productBrowser-price ecwid-price\" itemprop=\"price\"  data-spw-price-location=\"button\" content=\"24.793388\"><div itemprop=\"priceCurrency\"><\/div><\/div><\/div><div customprop=\"addtobag\"><\/div><\/div> \t\t\t<!--noptimize-->\n\t\t\t<script data-cfasync=\"false\" data-no-optimize=\"1\" type=\"text\/javascript\">\n\t\t\twindow._xnext_initialization_scripts = window._xnext_initialization_scripts || [];\n\t\t\twindow._xnext_initialization_scripts.push({widgetType: 'Product', id: 'ecwid-shopping-cart-ecwid_product-1', arg: [\"display= price addtobag\",\"link=yes\",\"version=2\",\"show_border=\",\"show_price_on_button=1\",\"center_align=1\"]});\n\t\t\t<\/script>\n\t\t\t<!--\/noptimize-->\n\t\t\t<!-- END Ecwid Shopping Cart v 6.12.12 -->\n\n\n<div class=\"wp-block-cover is-light\"><img loading=\"lazy\" decoding=\"async\" width=\"1920\" height=\"1080\" class=\"wp-block-cover__image-background wp-image-460\" alt=\"\" src=\"https:\/\/vinoscantarina.es\/wp-content\/uploads\/2022\/11\/Freita.jpg\" data-object-fit=\"cover\" srcset=\"https:\/\/vinoscantarina.es\/wp-content\/uploads\/2022\/11\/Freita.jpg 1920w, https:\/\/vinoscantarina.es\/wp-content\/uploads\/2022\/11\/Freita-300x169.jpg 300w, https:\/\/vinoscantarina.es\/wp-content\/uploads\/2022\/11\/Freita-1024x576.jpg 1024w, https:\/\/vinoscantarina.es\/wp-content\/uploads\/2022\/11\/Freita-768x432.jpg 768w, https:\/\/vinoscantarina.es\/wp-content\/uploads\/2022\/11\/Freita-1536x864.jpg 1536w\" sizes=\"auto, (max-width: 767px) 89vw, (max-width: 1000px) 54vw, (max-width: 1071px) 543px, 580px\" \/><span aria-hidden=\"true\" class=\"wp-block-cover__background has-background-dim-20 has-background-dim\"><\/span><div class=\"wp-block-cover__inner-container is-layout-flow wp-block-cover-is-layout-flow\">\n<p class=\"has-white-color has-text-color\">Datos T\u00e9cnicos<\/p>\n\n\n\n<p class=\"has-white-color has-text-color has-small-font-size\">&#8211; A\u00f1ada: 2023<br>&#8211; Variedad: 85% Menc\u00eda, 13% Palomino, 2% Merenzao<br>&#8211; Parcelas: 0.4 Ha en Corull\u00f3n<br>&#8211; DO Bierzo, Vino de Paraje A Freita<br>&#8211; Orientaci\u00f3n y Altitud: Este, 550- 650 m<br>&#8211; Suelos: Pizarra, cuarcita y arena<br>&#8211; Vendimia: 13 de septiembre 2023<br>&#8211; Producci\u00f3n: 1152 botellas<br>&#8211; Grado alcoh\u00f3lico: 13.5 \u00ba<\/p>\n\n\n\n<p class=\"has-text-align-right has-white-color has-text-color has-normal-font-size\"><strong>Notas de Cata<\/strong> A Freita 2023<\/p>\n\n\n\n<p class=\"has-text-align-right has-white-color has-text-color has-normal-font-size\">Muy fresco, con aromas afrutados y florales, es delicado y elegante con una ligereza y mineralidad correspondiente a sus suelos de pizarra. Un vino muy f\u00e1cil de beber con todo el car\u00e1cter de la menc\u00eda de esta zona del Bierzo, que precisamente demuestra la versatilidad de la variedad y de nuestro vi\u00f1edo centenario.<\/p>\n<\/div><\/div>\n","protected":false},"excerpt":{"rendered":"<p>Nuestro \u00faltimo proyecto radica en las escarpadas laderas del ca\u00f1\u00f3n del r\u00edo Burbia entre Corull\u00f3n y Otero. Pendientes de hasta el 66% y suelos de pizarra y cuarcita en la zona de viticultura heroica del Bierzo por excelencia\u2026 nuestras vi\u00f1as del paraje A Freita suponen un desaf\u00edo en su viticultura, pero tambi\u00e9n un sentimiento puro &hellip; <\/p>\n<p class=\"link-more\"><a href=\"https:\/\/vinoscantarina.es\/index.php\/cantarina-7-a-freita\/\" class=\"more-link\">Continuar leyendo<span class=\"screen-reader-text\"> \u00abCantari\u00f1a 7 A Freita\u00bb<\/span><\/a><\/p>\n","protected":false},"author":1,"featured_media":0,"parent":0,"menu_order":0,"comment_status":"closed","ping_status":"closed","template":"","meta":{"footnotes":""},"class_list":["post-456","page","type-page","status-publish","hentry"],"yoast_head":"<!-- This site is optimized with the Yoast SEO plugin v27.4 - https:\/\/yoast.com\/product\/yoast-seo-wordpress\/ -->\n<title>Vino Menc\u00eda Bierzo Cantari\u00f1a 7 A Freita<\/title>\n<meta name=\"description\" content=\"Vino tinto menc\u00eda pizarra DO Bierzo Vi\u00f1a de Los Pinos. Vi\u00f1as singulares, vi\u00f1as viejas, vino de Paraje. A Freita. Corull\u00f3n.\" \/>\n<meta name=\"robots\" content=\"index, follow, max-snippet:-1, max-image-preview:large, max-video-preview:-1\" \/>\n<link rel=\"canonical\" href=\"https:\/\/vinoscantarina.es\/index.php\/cantarina-7-a-freita\/\" \/>\n<meta property=\"og:locale\" content=\"es_ES\" \/>\n<meta property=\"og:type\" content=\"article\" \/>\n<meta property=\"og:title\" content=\"Vino Menc\u00eda Bierzo Cantari\u00f1a 7 A Freita\" \/>\n<meta property=\"og:description\" content=\"Vino tinto menc\u00eda pizarra DO Bierzo Vi\u00f1a de Los Pinos. Vi\u00f1as singulares, vi\u00f1as viejas, vino de Paraje. A Freita. Corull\u00f3n.\" \/>\n<meta property=\"og:url\" content=\"https:\/\/vinoscantarina.es\/index.php\/cantarina-7-a-freita\/\" \/>\n<meta property=\"og:site_name\" content=\"Cantari\u00f1a Vinos de Familia\" \/>\n<meta property=\"article:modified_time\" content=\"2025-12-09T13:40:20+00:00\" \/>\n<meta property=\"og:image\" content=\"https:\/\/vinoscantarina.es\/wp-content\/uploads\/2025\/01\/7-Cantarina-A-Freita_cut-scaled.jpg\" \/>\n\t<meta property=\"og:image:width\" content=\"727\" \/>\n\t<meta property=\"og:image:height\" content=\"2560\" \/>\n\t<meta property=\"og:image:type\" content=\"image\/jpeg\" \/>\n<meta name=\"twitter:label1\" content=\"Tiempo de lectura\" \/>\n\t<meta name=\"twitter:data1\" content=\"2 minutos\" \/>\n<script type=\"application\/ld+json\" class=\"yoast-schema-graph\">{\"@context\":\"https:\\\/\\\/schema.org\",\"@graph\":[{\"@type\":\"WebPage\",\"@id\":\"https:\\\/\\\/vinoscantarina.es\\\/index.php\\\/cantarina-7-a-freita\\\/\",\"url\":\"https:\\\/\\\/vinoscantarina.es\\\/index.php\\\/cantarina-7-a-freita\\\/\",\"name\":\"Vino Menc\u00eda Bierzo Cantari\u00f1a 7 A Freita\",\"isPartOf\":{\"@id\":\"https:\\\/\\\/vinoscantarina.es\\\/#website\"},\"primaryImageOfPage\":{\"@id\":\"https:\\\/\\\/vinoscantarina.es\\\/index.php\\\/cantarina-7-a-freita\\\/#primaryimage\"},\"image\":{\"@id\":\"https:\\\/\\\/vinoscantarina.es\\\/index.php\\\/cantarina-7-a-freita\\\/#primaryimage\"},\"thumbnailUrl\":\"https:\\\/\\\/vinoscantarina.es\\\/wp-content\\\/uploads\\\/2025\\\/01\\\/7-Cantarina-A-Freita_cut-scaled.jpg\",\"datePublished\":\"2022-11-30T10:11:38+00:00\",\"dateModified\":\"2025-12-09T13:40:20+00:00\",\"description\":\"Vino tinto menc\u00eda pizarra DO Bierzo Vi\u00f1a de Los Pinos. Vi\u00f1as singulares, vi\u00f1as viejas, vino de Paraje. A Freita. Corull\u00f3n.\",\"breadcrumb\":{\"@id\":\"https:\\\/\\\/vinoscantarina.es\\\/index.php\\\/cantarina-7-a-freita\\\/#breadcrumb\"},\"inLanguage\":\"es\",\"potentialAction\":[{\"@type\":\"ReadAction\",\"target\":[\"https:\\\/\\\/vinoscantarina.es\\\/index.php\\\/cantarina-7-a-freita\\\/\"]}]},{\"@type\":\"ImageObject\",\"inLanguage\":\"es\",\"@id\":\"https:\\\/\\\/vinoscantarina.es\\\/index.php\\\/cantarina-7-a-freita\\\/#primaryimage\",\"url\":\"https:\\\/\\\/vinoscantarina.es\\\/wp-content\\\/uploads\\\/2025\\\/01\\\/7-Cantarina-A-Freita_cut-scaled.jpg\",\"contentUrl\":\"https:\\\/\\\/vinoscantarina.es\\\/wp-content\\\/uploads\\\/2025\\\/01\\\/7-Cantarina-A-Freita_cut-scaled.jpg\",\"width\":727,\"height\":2560},{\"@type\":\"BreadcrumbList\",\"@id\":\"https:\\\/\\\/vinoscantarina.es\\\/index.php\\\/cantarina-7-a-freita\\\/#breadcrumb\",\"itemListElement\":[{\"@type\":\"ListItem\",\"position\":1,\"name\":\"Portada\",\"item\":\"https:\\\/\\\/vinoscantarina.es\\\/\"},{\"@type\":\"ListItem\",\"position\":2,\"name\":\"Cantari\u00f1a 7 A Freita\"}]},{\"@type\":\"WebSite\",\"@id\":\"https:\\\/\\\/vinoscantarina.es\\\/#website\",\"url\":\"https:\\\/\\\/vinoscantarina.es\\\/\",\"name\":\"Cantari\u00f1a Vinos de Familia\",\"description\":\"Vinos del Bierzo, Vinos para Disfrutar\",\"publisher\":{\"@id\":\"https:\\\/\\\/vinoscantarina.es\\\/#organization\"},\"potentialAction\":[{\"@type\":\"SearchAction\",\"target\":{\"@type\":\"EntryPoint\",\"urlTemplate\":\"https:\\\/\\\/vinoscantarina.es\\\/?s={search_term_string}\"},\"query-input\":{\"@type\":\"PropertyValueSpecification\",\"valueRequired\":true,\"valueName\":\"search_term_string\"}}],\"inLanguage\":\"es\"},{\"@type\":\"Organization\",\"@id\":\"https:\\\/\\\/vinoscantarina.es\\\/#organization\",\"name\":\"Cantari\u00f1a Vinos de Familia\",\"url\":\"https:\\\/\\\/vinoscantarina.es\\\/\",\"logo\":{\"@type\":\"ImageObject\",\"inLanguage\":\"es\",\"@id\":\"https:\\\/\\\/vinoscantarina.es\\\/#\\\/schema\\\/logo\\\/image\\\/\",\"url\":\"https:\\\/\\\/vinoscantarina.es\\\/wp-content\\\/uploads\\\/2021\\\/05\\\/cropped-Cantarina.png\",\"contentUrl\":\"https:\\\/\\\/vinoscantarina.es\\\/wp-content\\\/uploads\\\/2021\\\/05\\\/cropped-Cantarina.png\",\"width\":250,\"height\":250,\"caption\":\"Cantari\u00f1a Vinos de Familia\"},\"image\":{\"@id\":\"https:\\\/\\\/vinoscantarina.es\\\/#\\\/schema\\\/logo\\\/image\\\/\"}}]}<\/script>\n<!-- \/ Yoast SEO plugin. -->","yoast_head_json":{"title":"Vino Menc\u00eda Bierzo Cantari\u00f1a 7 A Freita","description":"Vino tinto menc\u00eda pizarra DO Bierzo Vi\u00f1a de Los Pinos. Vi\u00f1as singulares, vi\u00f1as viejas, vino de Paraje. A Freita. Corull\u00f3n.","robots":{"index":"index","follow":"follow","max-snippet":"max-snippet:-1","max-image-preview":"max-image-preview:large","max-video-preview":"max-video-preview:-1"},"canonical":"https:\/\/vinoscantarina.es\/index.php\/cantarina-7-a-freita\/","og_locale":"es_ES","og_type":"article","og_title":"Vino Menc\u00eda Bierzo Cantari\u00f1a 7 A Freita","og_description":"Vino tinto menc\u00eda pizarra DO Bierzo Vi\u00f1a de Los Pinos. Vi\u00f1as singulares, vi\u00f1as viejas, vino de Paraje. A Freita. Corull\u00f3n.","og_url":"https:\/\/vinoscantarina.es\/index.php\/cantarina-7-a-freita\/","og_site_name":"Cantari\u00f1a Vinos de Familia","article_modified_time":"2025-12-09T13:40:20+00:00","og_image":[{"width":727,"height":2560,"url":"https:\/\/vinoscantarina.es\/wp-content\/uploads\/2025\/01\/7-Cantarina-A-Freita_cut-scaled.jpg","type":"image\/jpeg"}],"twitter_misc":{"Tiempo de lectura":"2 minutos"},"schema":{"@context":"https:\/\/schema.org","@graph":[{"@type":"WebPage","@id":"https:\/\/vinoscantarina.es\/index.php\/cantarina-7-a-freita\/","url":"https:\/\/vinoscantarina.es\/index.php\/cantarina-7-a-freita\/","name":"Vino Menc\u00eda Bierzo Cantari\u00f1a 7 A Freita","isPartOf":{"@id":"https:\/\/vinoscantarina.es\/#website"},"primaryImageOfPage":{"@id":"https:\/\/vinoscantarina.es\/index.php\/cantarina-7-a-freita\/#primaryimage"},"image":{"@id":"https:\/\/vinoscantarina.es\/index.php\/cantarina-7-a-freita\/#primaryimage"},"thumbnailUrl":"https:\/\/vinoscantarina.es\/wp-content\/uploads\/2025\/01\/7-Cantarina-A-Freita_cut-scaled.jpg","datePublished":"2022-11-30T10:11:38+00:00","dateModified":"2025-12-09T13:40:20+00:00","description":"Vino tinto menc\u00eda pizarra DO Bierzo Vi\u00f1a de Los Pinos. Vi\u00f1as singulares, vi\u00f1as viejas, vino de Paraje. A Freita. Corull\u00f3n.","breadcrumb":{"@id":"https:\/\/vinoscantarina.es\/index.php\/cantarina-7-a-freita\/#breadcrumb"},"inLanguage":"es","potentialAction":[{"@type":"ReadAction","target":["https:\/\/vinoscantarina.es\/index.php\/cantarina-7-a-freita\/"]}]},{"@type":"ImageObject","inLanguage":"es","@id":"https:\/\/vinoscantarina.es\/index.php\/cantarina-7-a-freita\/#primaryimage","url":"https:\/\/vinoscantarina.es\/wp-content\/uploads\/2025\/01\/7-Cantarina-A-Freita_cut-scaled.jpg","contentUrl":"https:\/\/vinoscantarina.es\/wp-content\/uploads\/2025\/01\/7-Cantarina-A-Freita_cut-scaled.jpg","width":727,"height":2560},{"@type":"BreadcrumbList","@id":"https:\/\/vinoscantarina.es\/index.php\/cantarina-7-a-freita\/#breadcrumb","itemListElement":[{"@type":"ListItem","position":1,"name":"Portada","item":"https:\/\/vinoscantarina.es\/"},{"@type":"ListItem","position":2,"name":"Cantari\u00f1a 7 A Freita"}]},{"@type":"WebSite","@id":"https:\/\/vinoscantarina.es\/#website","url":"https:\/\/vinoscantarina.es\/","name":"Cantari\u00f1a Vinos de Familia","description":"Vinos del Bierzo, Vinos para Disfrutar","publisher":{"@id":"https:\/\/vinoscantarina.es\/#organization"},"potentialAction":[{"@type":"SearchAction","target":{"@type":"EntryPoint","urlTemplate":"https:\/\/vinoscantarina.es\/?s={search_term_string}"},"query-input":{"@type":"PropertyValueSpecification","valueRequired":true,"valueName":"search_term_string"}}],"inLanguage":"es"},{"@type":"Organization","@id":"https:\/\/vinoscantarina.es\/#organization","name":"Cantari\u00f1a Vinos de Familia","url":"https:\/\/vinoscantarina.es\/","logo":{"@type":"ImageObject","inLanguage":"es","@id":"https:\/\/vinoscantarina.es\/#\/schema\/logo\/image\/","url":"https:\/\/vinoscantarina.es\/wp-content\/uploads\/2021\/05\/cropped-Cantarina.png","contentUrl":"https:\/\/vinoscantarina.es\/wp-content\/uploads\/2021\/05\/cropped-Cantarina.png","width":250,"height":250,"caption":"Cantari\u00f1a Vinos de Familia"},"image":{"@id":"https:\/\/vinoscantarina.es\/#\/schema\/logo\/image\/"}}]}},"_links":{"self":[{"href":"https:\/\/vinoscantarina.es\/index.php\/wp-json\/wp\/v2\/pages\/456","targetHints":{"allow":["GET"]}}],"collection":[{"href":"https:\/\/vinoscantarina.es\/index.php\/wp-json\/wp\/v2\/pages"}],"about":[{"href":"https:\/\/vinoscantarina.es\/index.php\/wp-json\/wp\/v2\/types\/page"}],"author":[{"embeddable":true,"href":"https:\/\/vinoscantarina.es\/index.php\/wp-json\/wp\/v2\/users\/1"}],"replies":[{"embeddable":true,"href":"https:\/\/vinoscantarina.es\/index.php\/wp-json\/wp\/v2\/comments?post=456"}],"version-history":[{"count":8,"href":"https:\/\/vinoscantarina.es\/index.php\/wp-json\/wp\/v2\/pages\/456\/revisions"}],"predecessor-version":[{"id":699,"href":"https:\/\/vinoscantarina.es\/index.php\/wp-json\/wp\/v2\/pages\/456\/revisions\/699"}],"wp:attachment":[{"href":"https:\/\/vinoscantarina.es\/index.php\/wp-json\/wp\/v2\/media?parent=456"}],"curies":[{"name":"wp","href":"https:\/\/api.w.org\/{rel}","templated":true}]}}