{"id":50,"date":"2021-05-10T14:30:10","date_gmt":"2021-05-10T14:30:10","guid":{"rendered":"https:\/\/vinoscantarina.es\/?page_id=50"},"modified":"2026-02-05T16:55:55","modified_gmt":"2026-02-05T16:55:55","slug":"enoturismo","status":"publish","type":"page","link":"https:\/\/vinoscantarina.es\/index.php\/enoturismo\/","title":{"rendered":"Enoturismo en El Bierzo"},"content":{"rendered":"\n<p class=\"has-drop-cap\" id=\"h.faqq1fvqhy55\">El Bierzo es una tierra maravillosa que te est\u00e1 esperando para hacer enoturismo. Sus vi\u00f1as centenarias son uno de sus m\u00faltiples tesoros, y sin duda el origen y esencia de nuestros vinos. Patrimonio ecol\u00f3gico, cultural, y social, merece la pena acercarse para admirarlas y comprenderlas&#8230; y tomar unos <a href=\"https:\/\/vinoscantarina.es\/index.php\/nuestros-vinos\/\">vinos<\/a>, claro.<\/p>\n\n\n\n<p>Tenemos preparadas distintas actividades de enoturismo para que disfrutes de forma segura de nuestro Bierzo:<\/p>\n\n\n\n<ul class=\"wp-block-list\">\n<li>Actividad al aire libre en la vi\u00f1a m\u00e1s ic\u00f3nica del Bierzo <\/li>\n\n\n\n<li>Grupos de 2 hasta 12 personas  <\/li>\n\n\n\n<li>Por supuesto los ni\u00f1os y las mascotas pueden disfrutar de nuestras actividades. Avisadnos al reservar!<\/li>\n<\/ul>\n\n\n\n<p>\u00bfTe apetece venir a conocernos pasando un buen rato entre nuestras vi\u00f1as? Te hemos preparado dos alternativas en funci\u00f3n del tiempo que quieras dedicarnos y que puedas adaptar tus planes como mejor te parezca. <\/p>\n\n\n\n<p>Si prefieres otra opci\u00f3n <em>a medida<\/em>, ponte en contacto en <a href=\"mailto:info@vinoscantarina.es\">info@vinoscantarina.es<\/a> y haremos un plan especial para vosotros.<\/p>\n\n\n\n<div class=\"wp-block-columns is-layout-flex wp-container-core-columns-is-layout-9d6595d7 wp-block-columns-is-layout-flex\">\n<div class=\"wp-block-column is-layout-flow wp-block-column-is-layout-flow\">\n<h2 class=\"wp-block-heading\" id=\"h.emw3k7aif34k\"><strong>Cata en La Vi\u00f1a de los Pinos<\/strong><\/h2>\n\n\n\n<h2 class=\"wp-block-heading\" style=\"font-size:18px\">Conoce nuestra vi\u00f1a m\u00e1s emblem\u00e1tica y nuestros vinos haciendo enoturismo:<\/h2>\n\n\n\n<ul class=\"wp-block-list\">\n<li>Visita a la Vi\u00f1a de los Pinos, paraje de Las Gundi\u00f1as<\/li>\n\n\n\n<li>Charla sobre el vi\u00f1edo tradicional en El Bierzo<\/li>\n\n\n\n<li><strong>Cata<\/strong> en La Caba\u00f1a de los Pinos (3 vinos)<\/li>\n<\/ul>\n\n\n\n<p>Duraci\u00f3n Aproximada 1h 30 minutos<\/p>\n\n\n\n<p>PVP 25\u20ac\/persona, m\u00ednimo 2 personas, m\u00e1ximo 12 (consultar grupos m\u00e1s grandes)<\/p>\n<\/div>\n\n\n\n<div class=\"wp-block-column is-layout-flow wp-block-column-is-layout-flow\">\n<figure class=\"wp-block-image size-large\"><img loading=\"lazy\" decoding=\"async\" width=\"1024\" height=\"768\" src=\"https:\/\/vinoscantarina.es\/wp-content\/uploads\/2024\/12\/IMG_4691-1024x768.jpg\" alt=\"\" class=\"wp-image-568\" srcset=\"https:\/\/vinoscantarina.es\/wp-content\/uploads\/2024\/12\/IMG_4691-1024x768.jpg 1024w, https:\/\/vinoscantarina.es\/wp-content\/uploads\/2024\/12\/IMG_4691-300x225.jpg 300w, https:\/\/vinoscantarina.es\/wp-content\/uploads\/2024\/12\/IMG_4691-768x576.jpg 768w, https:\/\/vinoscantarina.es\/wp-content\/uploads\/2024\/12\/IMG_4691-1536x1152.jpg 1536w, https:\/\/vinoscantarina.es\/wp-content\/uploads\/2024\/12\/IMG_4691-2048x1536.jpg 2048w\" sizes=\"auto, (max-width: 767px) 89vw, (max-width: 1000px) 54vw, (max-width: 1071px) 543px, 580px\" \/><\/figure>\n\n\n\n<p class=\"has-text-align-center has-vivid-green-cyan-color has-text-color has-medium-font-size\">\u00a1<strong>Reserva en el formulario abajo! <\/strong><\/p>\n<\/div>\n<\/div>\n\n\n\n<hr class=\"wp-block-separator has-css-opacity\"\/>\n\n\n\n<div class=\"wp-block-columns is-layout-flex wp-container-core-columns-is-layout-9d6595d7 wp-block-columns-is-layout-flex\">\n<div class=\"wp-block-column is-layout-flow wp-block-column-is-layout-flow\">\n<figure class=\"wp-block-image size-large\"><img loading=\"lazy\" decoding=\"async\" width=\"768\" height=\"1024\" src=\"https:\/\/vinoscantarina.es\/wp-content\/uploads\/2021\/05\/Cabana-y-Cielo-768x1024.jpg\" alt=\"Enoturismo en La Vi\u00f1a de los Pinos\" class=\"wp-image-55\" srcset=\"https:\/\/vinoscantarina.es\/wp-content\/uploads\/2021\/05\/Cabana-y-Cielo-768x1024.jpg 768w, https:\/\/vinoscantarina.es\/wp-content\/uploads\/2021\/05\/Cabana-y-Cielo-225x300.jpg 225w, https:\/\/vinoscantarina.es\/wp-content\/uploads\/2021\/05\/Cabana-y-Cielo-350x467.jpg 350w, https:\/\/vinoscantarina.es\/wp-content\/uploads\/2021\/05\/Cabana-y-Cielo.jpg 960w\" sizes=\"auto, (max-width: 767px) 89vw, (max-width: 1000px) 54vw, (max-width: 1071px) 543px, 580px\" \/><\/figure>\n\n\n\n<p class=\"has-text-align-center has-vivid-green-cyan-color has-text-color has-medium-font-size\">\u00a1<strong>Reserva en el formulario abajo! <\/strong><\/p>\n\n\n\n<div class=\"wp-block-buttons is-layout-flex wp-block-buttons-is-layout-flex\"><\/div>\n<\/div>\n\n\n\n<div class=\"wp-block-column is-layout-flow wp-block-column-is-layout-flow\">\n<h2 class=\"wp-block-heading\" id=\"h.ci6f0zd9gfgr\"><strong>Cata Premium en la Caba\u00f1a de los Pinos<\/strong><\/h2>\n\n\n\n<h3 class=\"wp-block-heading\">La experiencia de enoturismo completa: un paseo disfrutando del paisaje y una cata especial:<\/h3>\n\n\n\n<ul class=\"wp-block-list\">\n<li>Encuentro introducci\u00f3n en <a href=\"http:\/\/www.villafrancadelbierzo.org\/turismo.php\">Villafranca<\/a> o en la Vi\u00f1a de los Pinos<\/li>\n\n\n\n<li>Paseo alrededor de la Vi\u00f1a de los Pinos por el paraje de Las Gundi\u00f1as, o si lo prefer\u00eds ruta desde Villafranca por el <strong>Camino de Santiago<\/strong> hasta la Vi\u00f1a de los Pinos (unos 3 Km, f\u00e1cil con calzado deportivo) <\/li>\n\n\n\n<li><strong>Cata Especial<\/strong> en la Caba\u00f1a de los Pinos (5 vinos y aperitivo)<\/li>\n<\/ul>\n\n\n\n<p>Duraci\u00f3n Aproximada 2h 30 minutos<\/p>\n\n\n\n<p>PVP 50\u20ac\/persona, m\u00ednimo 2 personas, m\u00e1ximo 12 (consultar grupos m\u00e1s grandes)<\/p>\n<\/div>\n<\/div>\n\n\n\n<div class=\"wp-block-bookly-form\"><!--\nPlugin Name: Bookly - Responsive WordPress Appointment Booking and Scheduling Plugin\nPlugin URI: https:\/\/www.booking-wp-plugin.com\/?utm_source=bookly_admin&utm_medium=plugins_page&utm_campaign=plugins_page\nVersion: 27.5-->\n<style type=\"text\/css\">\n    :root {\n        --bookly-main-color: #f4662f !important;\n        --bookly-color: #f4662f !important;\n    }\n\n    <\/style><div class=\"bookly-css-root\">\n    <div id=\"bookly-form-container-69ef4de618d0c\" class=\"bookly-form\" data-form_id=\"\" aria-live=\"polite\">\n        <div style=\"text-align: center\"><img decoding=\"async\" src=\"https:\/\/vinoscantarina.es\/wp-includes\/js\/tinymce\/skins\/lightgray\/img\/loader.gif\" alt=\"Cargando ...\"\/><\/div>\n    <\/div>\n<\/div>\n<script type=\"text\/javascript\">\n    (function (win, fn) {\n        var done = false, top = true,\n            doc = win.document,\n            root = doc.documentElement,\n            modern = doc.addEventListener,\n            add = modern ? 'addEventListener' : 'attachEvent',\n            rem = modern ? 'removeEventListener' : 'detachEvent',\n            pre = modern ? '' : 'on',\n            init = function (e) {\n                if (e.type == 'readystatechange') if (doc.readyState != 'complete') return;\n                (e.type == 'load' ? win : doc)[rem](pre + e.type, init, false);\n                if (!done) {\n                    done = true;\n                    fn.call(win, e.type || e);\n                }\n            },\n            poll = function () {\n                try {\n                    root.doScroll('left');\n                } catch (e) {\n                    setTimeout(poll, 50);\n                    return;\n                }\n                init('poll');\n            };\n        if (doc.readyState == 'complete') fn.call(win, 'lazy');\n        else {\n            if (!modern) if (root.doScroll) {\n                try {\n                    top = !win.frameElement;\n                } catch (e) {\n                }\n                if (top) poll();\n            }\n            doc[add](pre + 'DOMContentLoaded', init, false);\n            doc[add](pre + 'readystatechange', init, false);\n            win[add](pre + 'load', init, false);\n        }\n    })(window, function () {\n        window.bookly( {\"form_id\":\"69ef4de618d0c\",\"form_data\":{\"skip_service_step\":0,\"hide_service_part1\":0,\"hide_service_part2\":0,\"defaults\":{\"service_id\":0,\"staff_id\":0,\"location_id\":0,\"category_id\":0,\"units\":0,\"date_from\":0,\"time_from\":0,\"time_to\":0}},\"status\":{\"booking\":\"new\"},\"form_token\":null,\"skip_steps\":{\"service_part1\":0,\"service_part2\":0,\"extras\":1,\"time\":0,\"repeat\":1,\"cart\":1},\"errors\":{\"session_error\":\"Error de sesi\\u00f3n.\",\"form_id_error\":\"Error Identificaci\\u00f3n formulario.\",\"cart_item_not_available\":\"La hora seleccionada ya no est\\u00e1 disponible. Por favor elije otra ranura de hora.\",\"pay_locally_not_available\":\"Pagu\\u00e9 no est\\u00e1 disponible.\",\"invalid_gateway\":\"Puerta de enlace no es v\\u00e1lido.\",\"payment_error\":\"Error.\",\"incorrect_username_password\":\"Nombre de usuario o contrase\\u00f1a incorrectos.\"},\"form_attributes\":{\"hide_categories\":false,\"hide_services\":false,\"hide_staff_members\":false,\"show_number_of_persons\":false,\"hide_service_duration\":true,\"hide_locations\":true,\"hide_quantity\":true,\"hide_date\":false,\"hide_week_days\":false,\"hide_time_range\":false},\"use_client_time_zone\":0,\"defaults\":{\"service_id\":0,\"staff_id\":0,\"location_id\":0,\"category_id\":0},\"datepicker_mode\":\"text-accent\"} );\n    });\n<\/script><\/div>\n","protected":false},"excerpt":{"rendered":"<p>El Bierzo es una tierra maravillosa que te est\u00e1 esperando para hacer enoturismo. Sus vi\u00f1as centenarias son uno de sus m\u00faltiples tesoros, y sin duda el origen y esencia de nuestros vinos. Patrimonio ecol\u00f3gico, cultural, y social, merece la pena acercarse para admirarlas y comprenderlas&#8230; y tomar unos vinos, claro. Tenemos preparadas distintas actividades de &hellip; <\/p>\n<p class=\"link-more\"><a href=\"https:\/\/vinoscantarina.es\/index.php\/enoturismo\/\" class=\"more-link\">Continuar leyendo<span class=\"screen-reader-text\"> \u00abEnoturismo en El Bierzo\u00bb<\/span><\/a><\/p>\n","protected":false},"author":1,"featured_media":59,"parent":0,"menu_order":0,"comment_status":"closed","ping_status":"closed","template":"","meta":{"footnotes":""},"class_list":["post-50","page","type-page","status-publish","has-post-thumbnail","hentry"],"yoast_head":"<!-- This site is optimized with the Yoast SEO plugin v27.4 - https:\/\/yoast.com\/product\/yoast-seo-wordpress\/ -->\n<title>Enoturismo en El Bierzo - Cantari\u00f1a Vinos de Familia<\/title>\n<meta name=\"description\" content=\"Enoturismo en El Bierzo, Visitas a Bodegas, catas, vi\u00f1edo, actividades naturaleza, aire libre, vino, vi\u00f1as visitas guiadas grupos\" \/>\n<meta name=\"robots\" content=\"index, follow, max-snippet:-1, max-image-preview:large, max-video-preview:-1\" \/>\n<link rel=\"canonical\" href=\"https:\/\/vinoscantarina.es\/index.php\/enoturismo\/\" \/>\n<meta property=\"og:locale\" content=\"es_ES\" \/>\n<meta property=\"og:type\" content=\"article\" \/>\n<meta property=\"og:title\" content=\"Enoturismo en El Bierzo - Cantari\u00f1a Vinos de Familia\" \/>\n<meta property=\"og:description\" content=\"Enoturismo en El Bierzo, Visitas a Bodegas, catas, vi\u00f1edo, actividades naturaleza, aire libre, vino, vi\u00f1as visitas guiadas grupos\" \/>\n<meta property=\"og:url\" content=\"https:\/\/vinoscantarina.es\/index.php\/enoturismo\/\" \/>\n<meta property=\"og:site_name\" content=\"Cantari\u00f1a Vinos de Familia\" \/>\n<meta property=\"article:modified_time\" content=\"2026-02-05T16:55:55+00:00\" \/>\n<meta property=\"og:image\" content=\"https:\/\/vinoscantarina.es\/wp-content\/uploads\/2021\/05\/botellas_pinos.jpg\" \/>\n\t<meta property=\"og:image:width\" content=\"960\" \/>\n\t<meta property=\"og:image:height\" content=\"720\" \/>\n\t<meta property=\"og:image:type\" content=\"image\/jpeg\" \/>\n<meta name=\"twitter:label1\" content=\"Tiempo de lectura\" \/>\n\t<meta name=\"twitter:data1\" content=\"3 minutos\" \/>\n<script type=\"application\/ld+json\" class=\"yoast-schema-graph\">{\"@context\":\"https:\\\/\\\/schema.org\",\"@graph\":[{\"@type\":\"WebPage\",\"@id\":\"https:\\\/\\\/vinoscantarina.es\\\/index.php\\\/enoturismo\\\/\",\"url\":\"https:\\\/\\\/vinoscantarina.es\\\/index.php\\\/enoturismo\\\/\",\"name\":\"Enoturismo en El Bierzo - Cantari\u00f1a Vinos de Familia\",\"isPartOf\":{\"@id\":\"https:\\\/\\\/vinoscantarina.es\\\/#website\"},\"primaryImageOfPage\":{\"@id\":\"https:\\\/\\\/vinoscantarina.es\\\/index.php\\\/enoturismo\\\/#primaryimage\"},\"image\":{\"@id\":\"https:\\\/\\\/vinoscantarina.es\\\/index.php\\\/enoturismo\\\/#primaryimage\"},\"thumbnailUrl\":\"https:\\\/\\\/vinoscantarina.es\\\/wp-content\\\/uploads\\\/2021\\\/05\\\/botellas_pinos.jpg\",\"datePublished\":\"2021-05-10T14:30:10+00:00\",\"dateModified\":\"2026-02-05T16:55:55+00:00\",\"description\":\"Enoturismo en El Bierzo, Visitas a Bodegas, catas, vi\u00f1edo, actividades naturaleza, aire libre, vino, vi\u00f1as visitas guiadas grupos\",\"breadcrumb\":{\"@id\":\"https:\\\/\\\/vinoscantarina.es\\\/index.php\\\/enoturismo\\\/#breadcrumb\"},\"inLanguage\":\"es\",\"potentialAction\":[{\"@type\":\"ReadAction\",\"target\":[\"https:\\\/\\\/vinoscantarina.es\\\/index.php\\\/enoturismo\\\/\"]}]},{\"@type\":\"ImageObject\",\"inLanguage\":\"es\",\"@id\":\"https:\\\/\\\/vinoscantarina.es\\\/index.php\\\/enoturismo\\\/#primaryimage\",\"url\":\"https:\\\/\\\/vinoscantarina.es\\\/wp-content\\\/uploads\\\/2021\\\/05\\\/botellas_pinos.jpg\",\"contentUrl\":\"https:\\\/\\\/vinoscantarina.es\\\/wp-content\\\/uploads\\\/2021\\\/05\\\/botellas_pinos.jpg\",\"width\":960,\"height\":720},{\"@type\":\"BreadcrumbList\",\"@id\":\"https:\\\/\\\/vinoscantarina.es\\\/index.php\\\/enoturismo\\\/#breadcrumb\",\"itemListElement\":[{\"@type\":\"ListItem\",\"position\":1,\"name\":\"Portada\",\"item\":\"https:\\\/\\\/vinoscantarina.es\\\/\"},{\"@type\":\"ListItem\",\"position\":2,\"name\":\"Enoturismo en El Bierzo\"}]},{\"@type\":\"WebSite\",\"@id\":\"https:\\\/\\\/vinoscantarina.es\\\/#website\",\"url\":\"https:\\\/\\\/vinoscantarina.es\\\/\",\"name\":\"Cantari\u00f1a Vinos de Familia\",\"description\":\"Vinos del Bierzo, Vinos para Disfrutar\",\"publisher\":{\"@id\":\"https:\\\/\\\/vinoscantarina.es\\\/#organization\"},\"potentialAction\":[{\"@type\":\"SearchAction\",\"target\":{\"@type\":\"EntryPoint\",\"urlTemplate\":\"https:\\\/\\\/vinoscantarina.es\\\/?s={search_term_string}\"},\"query-input\":{\"@type\":\"PropertyValueSpecification\",\"valueRequired\":true,\"valueName\":\"search_term_string\"}}],\"inLanguage\":\"es\"},{\"@type\":\"Organization\",\"@id\":\"https:\\\/\\\/vinoscantarina.es\\\/#organization\",\"name\":\"Cantari\u00f1a Vinos de Familia\",\"url\":\"https:\\\/\\\/vinoscantarina.es\\\/\",\"logo\":{\"@type\":\"ImageObject\",\"inLanguage\":\"es\",\"@id\":\"https:\\\/\\\/vinoscantarina.es\\\/#\\\/schema\\\/logo\\\/image\\\/\",\"url\":\"https:\\\/\\\/vinoscantarina.es\\\/wp-content\\\/uploads\\\/2021\\\/05\\\/cropped-Cantarina.png\",\"contentUrl\":\"https:\\\/\\\/vinoscantarina.es\\\/wp-content\\\/uploads\\\/2021\\\/05\\\/cropped-Cantarina.png\",\"width\":250,\"height\":250,\"caption\":\"Cantari\u00f1a Vinos de Familia\"},\"image\":{\"@id\":\"https:\\\/\\\/vinoscantarina.es\\\/#\\\/schema\\\/logo\\\/image\\\/\"}}]}<\/script>\n<!-- \/ Yoast SEO plugin. -->","yoast_head_json":{"title":"Enoturismo en El Bierzo - Cantari\u00f1a Vinos de Familia","description":"Enoturismo en El Bierzo, Visitas a Bodegas, catas, vi\u00f1edo, actividades naturaleza, aire libre, vino, vi\u00f1as visitas guiadas grupos","robots":{"index":"index","follow":"follow","max-snippet":"max-snippet:-1","max-image-preview":"max-image-preview:large","max-video-preview":"max-video-preview:-1"},"canonical":"https:\/\/vinoscantarina.es\/index.php\/enoturismo\/","og_locale":"es_ES","og_type":"article","og_title":"Enoturismo en El Bierzo - Cantari\u00f1a Vinos de Familia","og_description":"Enoturismo en El Bierzo, Visitas a Bodegas, catas, vi\u00f1edo, actividades naturaleza, aire libre, vino, vi\u00f1as visitas guiadas grupos","og_url":"https:\/\/vinoscantarina.es\/index.php\/enoturismo\/","og_site_name":"Cantari\u00f1a Vinos de Familia","article_modified_time":"2026-02-05T16:55:55+00:00","og_image":[{"width":960,"height":720,"url":"https:\/\/vinoscantarina.es\/wp-content\/uploads\/2021\/05\/botellas_pinos.jpg","type":"image\/jpeg"}],"twitter_misc":{"Tiempo de lectura":"3 minutos"},"schema":{"@context":"https:\/\/schema.org","@graph":[{"@type":"WebPage","@id":"https:\/\/vinoscantarina.es\/index.php\/enoturismo\/","url":"https:\/\/vinoscantarina.es\/index.php\/enoturismo\/","name":"Enoturismo en El Bierzo - Cantari\u00f1a Vinos de Familia","isPartOf":{"@id":"https:\/\/vinoscantarina.es\/#website"},"primaryImageOfPage":{"@id":"https:\/\/vinoscantarina.es\/index.php\/enoturismo\/#primaryimage"},"image":{"@id":"https:\/\/vinoscantarina.es\/index.php\/enoturismo\/#primaryimage"},"thumbnailUrl":"https:\/\/vinoscantarina.es\/wp-content\/uploads\/2021\/05\/botellas_pinos.jpg","datePublished":"2021-05-10T14:30:10+00:00","dateModified":"2026-02-05T16:55:55+00:00","description":"Enoturismo en El Bierzo, Visitas a Bodegas, catas, vi\u00f1edo, actividades naturaleza, aire libre, vino, vi\u00f1as visitas guiadas grupos","breadcrumb":{"@id":"https:\/\/vinoscantarina.es\/index.php\/enoturismo\/#breadcrumb"},"inLanguage":"es","potentialAction":[{"@type":"ReadAction","target":["https:\/\/vinoscantarina.es\/index.php\/enoturismo\/"]}]},{"@type":"ImageObject","inLanguage":"es","@id":"https:\/\/vinoscantarina.es\/index.php\/enoturismo\/#primaryimage","url":"https:\/\/vinoscantarina.es\/wp-content\/uploads\/2021\/05\/botellas_pinos.jpg","contentUrl":"https:\/\/vinoscantarina.es\/wp-content\/uploads\/2021\/05\/botellas_pinos.jpg","width":960,"height":720},{"@type":"BreadcrumbList","@id":"https:\/\/vinoscantarina.es\/index.php\/enoturismo\/#breadcrumb","itemListElement":[{"@type":"ListItem","position":1,"name":"Portada","item":"https:\/\/vinoscantarina.es\/"},{"@type":"ListItem","position":2,"name":"Enoturismo en El Bierzo"}]},{"@type":"WebSite","@id":"https:\/\/vinoscantarina.es\/#website","url":"https:\/\/vinoscantarina.es\/","name":"Cantari\u00f1a Vinos de Familia","description":"Vinos del Bierzo, Vinos para Disfrutar","publisher":{"@id":"https:\/\/vinoscantarina.es\/#organization"},"potentialAction":[{"@type":"SearchAction","target":{"@type":"EntryPoint","urlTemplate":"https:\/\/vinoscantarina.es\/?s={search_term_string}"},"query-input":{"@type":"PropertyValueSpecification","valueRequired":true,"valueName":"search_term_string"}}],"inLanguage":"es"},{"@type":"Organization","@id":"https:\/\/vinoscantarina.es\/#organization","name":"Cantari\u00f1a Vinos de Familia","url":"https:\/\/vinoscantarina.es\/","logo":{"@type":"ImageObject","inLanguage":"es","@id":"https:\/\/vinoscantarina.es\/#\/schema\/logo\/image\/","url":"https:\/\/vinoscantarina.es\/wp-content\/uploads\/2021\/05\/cropped-Cantarina.png","contentUrl":"https:\/\/vinoscantarina.es\/wp-content\/uploads\/2021\/05\/cropped-Cantarina.png","width":250,"height":250,"caption":"Cantari\u00f1a Vinos de Familia"},"image":{"@id":"https:\/\/vinoscantarina.es\/#\/schema\/logo\/image\/"}}]}},"_links":{"self":[{"href":"https:\/\/vinoscantarina.es\/index.php\/wp-json\/wp\/v2\/pages\/50","targetHints":{"allow":["GET"]}}],"collection":[{"href":"https:\/\/vinoscantarina.es\/index.php\/wp-json\/wp\/v2\/pages"}],"about":[{"href":"https:\/\/vinoscantarina.es\/index.php\/wp-json\/wp\/v2\/types\/page"}],"author":[{"embeddable":true,"href":"https:\/\/vinoscantarina.es\/index.php\/wp-json\/wp\/v2\/users\/1"}],"replies":[{"embeddable":true,"href":"https:\/\/vinoscantarina.es\/index.php\/wp-json\/wp\/v2\/comments?post=50"}],"version-history":[{"count":17,"href":"https:\/\/vinoscantarina.es\/index.php\/wp-json\/wp\/v2\/pages\/50\/revisions"}],"predecessor-version":[{"id":701,"href":"https:\/\/vinoscantarina.es\/index.php\/wp-json\/wp\/v2\/pages\/50\/revisions\/701"}],"wp:featuredmedia":[{"embeddable":true,"href":"https:\/\/vinoscantarina.es\/index.php\/wp-json\/wp\/v2\/media\/59"}],"wp:attachment":[{"href":"https:\/\/vinoscantarina.es\/index.php\/wp-json\/wp\/v2\/media?parent=50"}],"curies":[{"name":"wp","href":"https:\/\/api.w.org\/{rel}","templated":true}]}}